{"id":57,"date":"2017-08-19T18:04:06","date_gmt":"2017-08-19T16:04:06","guid":{"rendered":"http:\/\/www.franciskani.si\/zbf\/?page_id=57"},"modified":"2017-08-21T00:00:32","modified_gmt":"2017-08-20T22:00:32","slug":"about","status":"publish","type":"page","link":"https:\/\/www.franciskani.si\/zbf\/about\/","title":{"rendered":"O zalo\u017ebi BF"},"content":{"rendered":"<p>Zalo\u017eba Brat Fran\u010di\u0161ek<br \/>\nPre\u0161ernov trg 4<br \/>\nSI-1000 Ljubljana<\/p>\n<p>TRR: SI56 6100 0001 2574 166<br \/>\nD\u0160: SI48257729<\/p>\n<p>tel.: 01\/ 24 29 314<\/p>\n<p><a href=\"https:\/\/www.franciskani.si\/zbf\/\">www.franciskani.si\/zbf\/<\/a><br \/>\n<a href=\"mailto:zalozba.brat.francisek@ofm.si\" target=\"_blank\">zalozba.brat.francisek@ofm.si<\/a><\/p>\n<p><a href=\"https:\/\/www.franciskani.si\" target=\"_blank\">Slovenski fran\u010di\u0161kani<\/a> \u017eelimo predstaviti duha na\u0161ega ustanovitelja svetega Fran\u010di\u0161ka Asi\u0161kega in delo svojih bratov tudi prek zalo\u017eni\u0161ke dejavnosti, zato smo leta 1997 ustanovili zalo\u017ebo Brat Fran\u010di\u0161ek.<\/p>\n<p>Sodelujemo tudi z drugimi fran\u010di\u0161kanskimi zalo\u017ebami po svetu, s katerimi smo povezani v zdru\u017eenje EFRA.<\/p>\n<p>Veseli bomo, \u010de vam bodo na\u0161e knjige v\u0161e\u010d in \u010de jih boste radi jemali v svoje roke.<\/p>\n<p>Preglejte na\u0161e knji\u017ene police in preverite vsebino posameznih <a href=\"https:\/\/www.franciskani.si\/zbf\/zbirke-knjig\/\">zbirk<\/a>!<\/p>\n<p>br. Miran \u0160peli\u010d, ravnatelj zalo\u017ebe<\/p>\n<p><img decoding=\"async\" src=\"https:\/\/www.franciskani.si\/zbf\/wp-content\/uploads\/2017\/08\/zbf-logo-300x230.jpg\" alt=\"\" width=\"150\" class=\"aligncenter size-medium wp-image-73\" srcset=\"https:\/\/www.franciskani.si\/zbf\/wp-content\/uploads\/2017\/08\/zbf-logo-300x230.jpg 300w, https:\/\/www.franciskani.si\/zbf\/wp-content\/uploads\/2017\/08\/zbf-logo.jpg 676w\" sizes=\"(max-width: 300px) 100vw, 300px\" \/><\/p>\n<p>Vabimo pa vas tudi v druge knjigarne, kjer so na voljo knjige o Fran\u010di\u0161ku.<br \/>\nRecimo:<br \/>\n<a href=\"https:\/\/www.amazon.fr\/b?_encoding=UTF8&amp;site-redirect=&amp;node=301997&amp;tag=z05c-21&amp;linkCode=ur2&amp;camp=1642&amp;creative=6746\" target=\"_blank\">Francoske knjige s kr\u0161\u010dansko in fran\u010di\u0161kansko tematiko v Amazon.fr<\/a><img loading=\"lazy\" decoding=\"async\" style=\"border: none !important; margin: 0px !important;\" alt=\"\" src=\"https:\/\/www.assoc-amazon.fr\/e\/ir?t=z05c-21&amp;l=ur2&amp;o=8\" width=\"1\" height=\"1\" border=\"0\" \/>, <iframe loading=\"lazy\" style=\"border: none;\" src=\"https:\/\/rcm-fr.amazon.fr\/e\/cm?t=z05c-21&amp;o=8&amp;p=20&amp;l=ur1&amp;category=books&amp;banner=1S3F8QQ8JMYK20KKSM02&amp;f=ifr\" height=\"90\" width=\"120\" frameborder=\"0\" marginwidth=\"0\" scrolling=\"no\"><\/iframe><br \/>\nkjer imate tudi Fran\u010di\u0161kove spise v francoskem prevodu:<br \/>\n<iframe loading=\"lazy\" style=\"width: 120px; height: 240px;\" src=\"https:\/\/rcm-fr.amazon.fr\/e\/cm?lt1=_blank&amp;bc1=000000&amp;IS2=1&amp;bg1=C18C52&amp;fc1=000000&amp;lc1=0000FF&amp;t=z05c-21&amp;o=8&amp;p=8&amp;l=as1&amp;m=amazon&amp;f=ifr&amp;ref=qf_sp_asin_til&amp;asins=2226172939\" height=\"240\" width=\"320\" frameborder=\"0\" marginwidth=\"0\" marginheight=\"0\" scrolling=\"no\"><\/iframe><\/p>\n","protected":false},"excerpt":{"rendered":"<p>Zalo\u017eba Brat Fran\u010di\u0161ek Pre\u0161ernov trg 4 SI-1000 Ljubljana TRR: SI56 6100 0001 2574 166 D\u0160: SI48257729 tel.: 01\/ 24 29 314 www.franciskani.si\/zbf\/ zalozba.brat.francisek@ofm.si Slovenski fran\u010di\u0161kani \u017eelimo predstaviti duha na\u0161ega ustanovitelja svetega Fran\u010di\u0161ka Asi\u0161kega in delo svojih bratov tudi prek zalo\u017eni\u0161ke dejavnosti, zato smo leta 1997 ustanovili zalo\u017ebo Brat Fran\u010di\u0161ek. Sodelujemo tudi z drugimi fran\u010di\u0161kanskimi zalo\u017ebami [&hellip;]<\/p>\n","protected":false},"author":1,"featured_media":74,"parent":0,"menu_order":0,"comment_status":"closed","ping_status":"closed","template":"template-homepage.php","meta":{"footnotes":""},"class_list":["post-57","page","type-page","status-publish","has-post-thumbnail","hentry"],"_links":{"self":[{"href":"https:\/\/www.franciskani.si\/zbf\/wp-json\/wp\/v2\/pages\/57","targetHints":{"allow":["GET"]}}],"collection":[{"href":"https:\/\/www.franciskani.si\/zbf\/wp-json\/wp\/v2\/pages"}],"about":[{"href":"https:\/\/www.franciskani.si\/zbf\/wp-json\/wp\/v2\/types\/page"}],"author":[{"embeddable":true,"href":"https:\/\/www.franciskani.si\/zbf\/wp-json\/wp\/v2\/users\/1"}],"replies":[{"embeddable":true,"href":"https:\/\/www.franciskani.si\/zbf\/wp-json\/wp\/v2\/comments?post=57"}],"version-history":[{"count":8,"href":"https:\/\/www.franciskani.si\/zbf\/wp-json\/wp\/v2\/pages\/57\/revisions"}],"predecessor-version":[{"id":441,"href":"https:\/\/www.franciskani.si\/zbf\/wp-json\/wp\/v2\/pages\/57\/revisions\/441"}],"wp:featuredmedia":[{"embeddable":true,"href":"https:\/\/www.franciskani.si\/zbf\/wp-json\/wp\/v2\/media\/74"}],"wp:attachment":[{"href":"https:\/\/www.franciskani.si\/zbf\/wp-json\/wp\/v2\/media?parent=57"}],"curies":[{"name":"wp","href":"https:\/\/api.w.org\/{rel}","templated":true}]}}