{"id":119,"date":"2017-08-19T21:01:18","date_gmt":"2017-08-19T19:01:18","guid":{"rendered":"http:\/\/www.franciskani.si\/zbf\/?post_type=product&#038;p=119"},"modified":"2017-08-20T16:46:57","modified_gmt":"2017-08-20T14:46:57","slug":"zapiski-neznanega-peruzana-in-legenda-treh-tovarisev","status":"publish","type":"product","link":"https:\/\/www.franciskani.si\/zbf\/izdelek\/zapiski-neznanega-peruzana-in-legenda-treh-tovarisev\/","title":{"rendered":"Zapiski neznanega Peru\u017eana in Legenda treh tovari\u0161ev"},"content":{"rendered":"<p>Ljubljana, 1998<\/p>\n<p>Zapiski neznanega Peru\u017eana in Legenda treh tovari\u0161ev Gre za spomine, ki so jih na Fran\u010di\u0161ka obujali njegovi prvi sopotniki; \u010deprav ne predstavijo celotnega svetnikovega \u017eivljenja, pa vsebujejo dragocene podatke, saj izvirajo iz pri\u010devanj o\u010dividcev, ki so hoteli poudariti, kar je \u0161e manjkalo v &#8220;uradnih&#8221; \u017eivljenjepisih. Nekateri poudarki razjasnjujejo tudi \u017eivljenje prve skupnosti bratov. Legenda je posodobljeni ponatis prevoda p. Hijacinta Repi\u010da, ki je izhajal l. 1902 v Cvetju; Peru\u017eana pa je prevedel br. Miran \u0160peli\u010d.<\/p>\n<p>Format: 151 str., 21 cm, trda vezava.<\/p>\n<p>ISBN 961-90564-3-4<\/p>\n","protected":false},"excerpt":{"rendered":"<p>Ljubljana, 1998 Zapiski neznanega Peru\u017eana in Legenda treh tovari\u0161ev Gre za spomine, ki so jih na Fran\u010di\u0161ka obujali njegovi prvi sopotniki; \u010deprav ne predstavijo celotnega svetnikovega \u017eivljenja, pa vsebujejo dragocene podatke, saj izvirajo iz pri\u010devanj o\u010dividcev, ki so hoteli poudariti, kar je \u0161e manjkalo v &#8220;uradnih&#8221; \u017eivljenjepisih. Nekateri poudarki razjasnjujejo tudi \u017eivljenje prve skupnosti bratov. [&hellip;]<\/p>\n","protected":false},"featured_media":120,"comment_status":"open","ping_status":"closed","template":"","meta":[],"product_brand":[],"product_cat":[23],"product_tag":[100],"class_list":{"0":"post-119","1":"product","2":"type-product","3":"status-publish","4":"has-post-thumbnail","6":"product_cat-asiski-vir","7":"product_tag-miran-spelic-ofm","9":"first","10":"instock","11":"taxable","12":"shipping-taxable","13":"purchasable","14":"product-type-simple"},"_links":{"self":[{"href":"https:\/\/www.franciskani.si\/zbf\/wp-json\/wp\/v2\/product\/119","targetHints":{"allow":["GET"]}}],"collection":[{"href":"https:\/\/www.franciskani.si\/zbf\/wp-json\/wp\/v2\/product"}],"about":[{"href":"https:\/\/www.franciskani.si\/zbf\/wp-json\/wp\/v2\/types\/product"}],"replies":[{"embeddable":true,"href":"https:\/\/www.franciskani.si\/zbf\/wp-json\/wp\/v2\/comments?post=119"}],"wp:featuredmedia":[{"embeddable":true,"href":"https:\/\/www.franciskani.si\/zbf\/wp-json\/wp\/v2\/media\/120"}],"wp:attachment":[{"href":"https:\/\/www.franciskani.si\/zbf\/wp-json\/wp\/v2\/media?parent=119"}],"wp:term":[{"taxonomy":"product_brand","embeddable":true,"href":"https:\/\/www.franciskani.si\/zbf\/wp-json\/wp\/v2\/product_brand?post=119"},{"taxonomy":"product_cat","embeddable":true,"href":"https:\/\/www.franciskani.si\/zbf\/wp-json\/wp\/v2\/product_cat?post=119"},{"taxonomy":"product_tag","embeddable":true,"href":"https:\/\/www.franciskani.si\/zbf\/wp-json\/wp\/v2\/product_tag?post=119"}],"curies":[{"name":"wp","href":"https:\/\/api.w.org\/{rel}","templated":true}]}}