{"id":147,"date":"2017-08-19T21:49:40","date_gmt":"2017-08-19T19:49:40","guid":{"rendered":"http:\/\/www.franciskani.si\/zbf\/?post_type=product&#038;p=147"},"modified":"2017-08-19T21:49:40","modified_gmt":"2017-08-19T19:49:40","slug":"umbrijski-biser-2-del","status":"publish","type":"product","link":"https:\/\/www.franciskani.si\/zbf\/izdelek\/umbrijski-biser-2-del\/","title":{"rendered":"Umbrijski biser, 2. del"},"content":{"rendered":"<p><strong>Aco Jerant<\/strong><\/p>\n<p>Ljubljana, 2008<\/p>\n<p>O Fran\u010di\u0161kovem otro\u0161tvu imamo zelo malo zgodovinskih virov, zato se to toliko bolj ponuja romanopiscu za svobodnej\u0161i pristop. Tako je izpod peresa Aca Jeranta pred leti nastal prvi del romana z naslovom Umbrijski biser. Bolj ko napredujemo v Fran\u010di\u0161kovem \u017eivljenju, bolj se mno\u017eijo viri, kar pa tudi ne prepre\u010di pisatelju, da jih ne bi uporabil z nekaj umetni\u0161ke svobode in dodal kaj iz svojega. In tako je nastal drugi del tega romana, ki obsega \u010das od prvega poklica do tedaj, ko se je okrog Fran\u010di\u0161ka oblikovala skupina bratov, ki ji je tudi gospod pape\u017e dal pred 800 leti dovoljenje, da oznanja evangelij in pokoro. V prijetnem pripovednem slogu torej sledimo poglavitnim preobratom Fran\u010di\u0161kove mladosti od odpovedi o\u010detu prek bivanja med benediktinci do drzne poti med gobavce in potem tudi k samemu pape\u017eu.<\/p>\n<p>Format: 20 x 12,5 cm, bro\u0161irano<\/p>\n<p>Obseg: 176 str.<\/p>\n<p>ISBN 961-6326-67-4<\/p>\n","protected":false},"excerpt":{"rendered":"<p>Aco Jerant Ljubljana, 2008 O Fran\u010di\u0161kovem otro\u0161tvu imamo zelo malo zgodovinskih virov, zato se to toliko bolj ponuja romanopiscu za svobodnej\u0161i pristop. Tako je izpod peresa Aca Jeranta pred leti nastal prvi del romana z naslovom Umbrijski biser. Bolj ko napredujemo v Fran\u010di\u0161kovem \u017eivljenju, bolj se mno\u017eijo viri, kar pa tudi ne prepre\u010di pisatelju, da [&hellip;]<\/p>\n","protected":false},"featured_media":148,"comment_status":"open","ping_status":"closed","template":"","meta":[],"product_brand":[],"product_cat":[22],"product_tag":[47],"class_list":{"0":"post-147","1":"product","2":"type-product","3":"status-publish","4":"has-post-thumbnail","6":"product_cat-francisek-med-nami","7":"product_tag-aco-jerant","9":"first","10":"instock","11":"taxable","12":"shipping-taxable","13":"purchasable","14":"product-type-simple"},"_links":{"self":[{"href":"https:\/\/www.franciskani.si\/zbf\/wp-json\/wp\/v2\/product\/147","targetHints":{"allow":["GET"]}}],"collection":[{"href":"https:\/\/www.franciskani.si\/zbf\/wp-json\/wp\/v2\/product"}],"about":[{"href":"https:\/\/www.franciskani.si\/zbf\/wp-json\/wp\/v2\/types\/product"}],"replies":[{"embeddable":true,"href":"https:\/\/www.franciskani.si\/zbf\/wp-json\/wp\/v2\/comments?post=147"}],"wp:featuredmedia":[{"embeddable":true,"href":"https:\/\/www.franciskani.si\/zbf\/wp-json\/wp\/v2\/media\/148"}],"wp:attachment":[{"href":"https:\/\/www.franciskani.si\/zbf\/wp-json\/wp\/v2\/media?parent=147"}],"wp:term":[{"taxonomy":"product_brand","embeddable":true,"href":"https:\/\/www.franciskani.si\/zbf\/wp-json\/wp\/v2\/product_brand?post=147"},{"taxonomy":"product_cat","embeddable":true,"href":"https:\/\/www.franciskani.si\/zbf\/wp-json\/wp\/v2\/product_cat?post=147"},{"taxonomy":"product_tag","embeddable":true,"href":"https:\/\/www.franciskani.si\/zbf\/wp-json\/wp\/v2\/product_tag?post=147"}],"curies":[{"name":"wp","href":"https:\/\/api.w.org\/{rel}","templated":true}]}}