{"id":164,"date":"2017-08-19T22:15:09","date_gmt":"2017-08-19T20:15:09","guid":{"rendered":"http:\/\/www.franciskani.si\/zbf\/?post_type=product&#038;p=164"},"modified":"2026-02-23T08:23:40","modified_gmt":"2026-02-23T07:23:40","slug":"porciunkula","status":"publish","type":"product","link":"https:\/\/www.franciskani.si\/zbf\/izdelek\/porciunkula\/","title":{"rendered":"Porciunkula"},"content":{"rendered":"<p>RAZPRODANO<\/p>\n<p>Porciunkula<br \/>\nob 800-letnici odpustka<\/p>\n<p>Letos (2016) mineva 800 let, kar je sv. Fran\u010di\u0161ku Asi\u0161kemu pape\u017e Honorij III. potrdil porciunkulski odpustek, ki je vezan na cerkvico s tem imenom, ki stoji na ravnini pod Assisijem.<br \/>\nPoleg zgodovine stavbe je predstavljena njena povezanost s sv. Fran\u010di\u0161kom, predstavljeni so odpustki kot taki in njen odpustek. Dodane so molitve, povezane s Porciunkulo, dva preprosta obreda, ki ju lahko obhajamo v skupnosti ali z ob\u010destvom, na koncu pa je \u0161e nekaj duhovnih spodbud.<\/p>\n<p>format 10 x 15 cm<\/p>\n<p>obseg 92 strani<\/p>\n","protected":false},"excerpt":{"rendered":"<p>RAZPRODANO Porciunkula ob 800-letnici odpustka Letos (2016) mineva 800 let, kar je sv. Fran\u010di\u0161ku Asi\u0161kemu pape\u017e Honorij III. potrdil porciunkulski odpustek, ki je vezan na cerkvico s tem imenom, ki stoji na ravnini pod Assisijem. Poleg zgodovine stavbe je predstavljena njena povezanost s sv. Fran\u010di\u0161kom, predstavljeni so odpustki kot taki in njen odpustek. Dodane so [&hellip;]<\/p>\n","protected":false},"featured_media":165,"comment_status":"open","ping_status":"closed","template":"","meta":[],"product_brand":[],"product_cat":[26],"product_tag":[51],"class_list":{"0":"post-164","1":"product","2":"type-product","3":"status-publish","4":"has-post-thumbnail","6":"product_cat-franciskove-drobtinice","7":"product_tag-ofm","9":"first","10":"outofstock","11":"taxable","12":"shipping-taxable","13":"purchasable","14":"product-type-simple"},"_links":{"self":[{"href":"https:\/\/www.franciskani.si\/zbf\/wp-json\/wp\/v2\/product\/164","targetHints":{"allow":["GET"]}}],"collection":[{"href":"https:\/\/www.franciskani.si\/zbf\/wp-json\/wp\/v2\/product"}],"about":[{"href":"https:\/\/www.franciskani.si\/zbf\/wp-json\/wp\/v2\/types\/product"}],"replies":[{"embeddable":true,"href":"https:\/\/www.franciskani.si\/zbf\/wp-json\/wp\/v2\/comments?post=164"}],"wp:featuredmedia":[{"embeddable":true,"href":"https:\/\/www.franciskani.si\/zbf\/wp-json\/wp\/v2\/media\/165"}],"wp:attachment":[{"href":"https:\/\/www.franciskani.si\/zbf\/wp-json\/wp\/v2\/media?parent=164"}],"wp:term":[{"taxonomy":"product_brand","embeddable":true,"href":"https:\/\/www.franciskani.si\/zbf\/wp-json\/wp\/v2\/product_brand?post=164"},{"taxonomy":"product_cat","embeddable":true,"href":"https:\/\/www.franciskani.si\/zbf\/wp-json\/wp\/v2\/product_cat?post=164"},{"taxonomy":"product_tag","embeddable":true,"href":"https:\/\/www.franciskani.si\/zbf\/wp-json\/wp\/v2\/product_tag?post=164"}],"curies":[{"name":"wp","href":"https:\/\/api.w.org\/{rel}","templated":true}]}}