{"id":206,"date":"2017-08-19T23:31:54","date_gmt":"2017-08-19T21:31:54","guid":{"rendered":"http:\/\/www.franciskani.si\/zbf\/?post_type=product&#038;p=206"},"modified":"2024-03-01T08:33:18","modified_gmt":"2024-03-01T07:33:18","slug":"p-stanislav-skrabec-franciskan","status":"publish","type":"product","link":"https:\/\/www.franciskani.si\/zbf\/izdelek\/p-stanislav-skrabec-franciskan\/","title":{"rendered":"P. Stanislav \u0160krabec, fran\u010di\u0161kan"},"content":{"rendered":"<p><strong>Bruno Koro\u0161ak OFM<\/strong> (uredil)<\/p>\n<p>Ljubljana, 2001<\/p>\n<p>V kostanjevi\u0161kem fran\u010di\u0161kanskem samostanu v Novi Gorici \u017ee nekaj let potekajo sre\u010danja, katerih sad so zborniki o delu p. Stranislava \u0160krabca in pa ponatis njegovih jezikoslovnih del. Ta knji\u017eica pa nam \u017eeli predstaviti p. Stanislava ne toliko kot jezikoslovca, ki je mo\u010dno vplival na razvoj slovenskega knji\u017enega jezika, ampak kot \u010dloveka; v njej je zbranih nekaj pri\u010devanj sodobnikov, ki so z njim \u017eiveli in ob\u010dudovali njegovo u\u010denost, \u0161e bolj pa preprostost, \u010dlove\u0161kost in bogovdanost.<\/p>\n<p>Format: 88 str., 20 cm, bro\u0161irano<\/p>\n<p>ISBN 961-6326-14-7<\/p>\n","protected":false},"excerpt":{"rendered":"<p>Bruno Koro\u0161ak OFM (uredil) Ljubljana, 2001 V kostanjevi\u0161kem fran\u010di\u0161kanskem samostanu v Novi Gorici \u017ee nekaj let potekajo sre\u010danja, katerih sad so zborniki o delu p. Stranislava \u0160krabca in pa ponatis njegovih jezikoslovnih del. Ta knji\u017eica pa nam \u017eeli predstaviti p. Stanislava ne toliko kot jezikoslovca, ki je mo\u010dno vplival na razvoj slovenskega knji\u017enega jezika, ampak [&hellip;]<\/p>\n","protected":false},"featured_media":207,"comment_status":"open","ping_status":"closed","template":"","meta":[],"product_brand":[],"product_cat":[31],"product_tag":[62],"class_list":{"0":"post-206","1":"product","2":"type-product","3":"status-publish","4":"has-post-thumbnail","6":"product_cat-po-njihovih-stopinjah","7":"product_tag-bruno-korosak-ofm","9":"first","10":"outofstock","11":"taxable","12":"shipping-taxable","13":"purchasable","14":"product-type-simple"},"_links":{"self":[{"href":"https:\/\/www.franciskani.si\/zbf\/wp-json\/wp\/v2\/product\/206","targetHints":{"allow":["GET"]}}],"collection":[{"href":"https:\/\/www.franciskani.si\/zbf\/wp-json\/wp\/v2\/product"}],"about":[{"href":"https:\/\/www.franciskani.si\/zbf\/wp-json\/wp\/v2\/types\/product"}],"replies":[{"embeddable":true,"href":"https:\/\/www.franciskani.si\/zbf\/wp-json\/wp\/v2\/comments?post=206"}],"wp:featuredmedia":[{"embeddable":true,"href":"https:\/\/www.franciskani.si\/zbf\/wp-json\/wp\/v2\/media\/207"}],"wp:attachment":[{"href":"https:\/\/www.franciskani.si\/zbf\/wp-json\/wp\/v2\/media?parent=206"}],"wp:term":[{"taxonomy":"product_brand","embeddable":true,"href":"https:\/\/www.franciskani.si\/zbf\/wp-json\/wp\/v2\/product_brand?post=206"},{"taxonomy":"product_cat","embeddable":true,"href":"https:\/\/www.franciskani.si\/zbf\/wp-json\/wp\/v2\/product_cat?post=206"},{"taxonomy":"product_tag","embeddable":true,"href":"https:\/\/www.franciskani.si\/zbf\/wp-json\/wp\/v2\/product_tag?post=206"}],"curies":[{"name":"wp","href":"https:\/\/api.w.org\/{rel}","templated":true}]}}