{"id":210,"date":"2017-08-19T23:35:13","date_gmt":"2017-08-19T21:35:13","guid":{"rendered":"http:\/\/www.franciskani.si\/zbf\/?post_type=product&#038;p=210"},"modified":"2018-08-03T23:22:25","modified_gmt":"2018-08-03T21:22:25","slug":"p-marijan-valencak-franciskan","status":"publish","type":"product","link":"https:\/\/www.franciskani.si\/zbf\/izdelek\/p-marijan-valencak-franciskan\/","title":{"rendered":"p. Marijan Valen\u010dak, fran\u010di\u0161kan"},"content":{"rendered":"<p>uredil <strong>Bruno Koro\u0161ak OFM<\/strong><\/p>\n<p>12. februarja 2000 je v zgodnjih jutranjih urah v svoji skromni sobici v prvem nadstropju na\u0161ega samostana na Tromostovju v Ljubljani po dolgi in te\u017eki bolezni in v 87. letu starosti mirno zaspal v Gospodu p. Marijan Valen\u010dak, fran\u010di\u0161kanski redovnik in duhovnik. Sre\u010danje s \u201csestro smrtjo\u201d, kot jo imenuje sv. Fran\u010di\u0161ek Asi\u0161ki, je pri\u010dakoval z veliko vdanostjo in potrpe\u017eljivim prena\u0161anjem dolgotrajne bolezni.<br \/>\nTa knji\u017eica nam na kratko govori o zglednem in pristnem redovni\u0161kem in duhovni\u0161kem \u017eivljenju p. Marijana, o njegovi osebnosti in dozorevanju za ve\u010dnost v dolgotrajni bolezni.<\/p>\n<p>Po njihovih stopinjah &#8211; 2<\/p>\n<p>ISBN 978-961-6326-73-5<\/p>\n<p>Format: 12 x 20 cm, bro\u0161irano, 36 strani<\/p>\n<p><strong>Knji\u017eica je brezpla\u010dna!<\/strong><\/p>\n","protected":false},"excerpt":{"rendered":"<p>uredil Bruno Koro\u0161ak OFM 12. februarja 2000 je v zgodnjih jutranjih urah v svoji skromni sobici v prvem nadstropju na\u0161ega samostana na Tromostovju v Ljubljani po dolgi in te\u017eki bolezni in v 87. letu starosti mirno zaspal v Gospodu p. Marijan Valen\u010dak, fran\u010di\u0161kanski redovnik in duhovnik. Sre\u010danje s \u201csestro smrtjo\u201d, kot jo imenuje sv. Fran\u010di\u0161ek [&hellip;]<\/p>\n","protected":false},"featured_media":211,"comment_status":"open","ping_status":"closed","template":"","meta":[],"product_brand":[],"product_cat":[31],"product_tag":[62],"class_list":{"0":"post-210","1":"product","2":"type-product","3":"status-publish","4":"has-post-thumbnail","6":"product_cat-po-njihovih-stopinjah","7":"product_tag-bruno-korosak-ofm","9":"first","10":"outofstock","11":"taxable","12":"shipping-taxable","13":"purchasable","14":"product-type-simple"},"_links":{"self":[{"href":"https:\/\/www.franciskani.si\/zbf\/wp-json\/wp\/v2\/product\/210","targetHints":{"allow":["GET"]}}],"collection":[{"href":"https:\/\/www.franciskani.si\/zbf\/wp-json\/wp\/v2\/product"}],"about":[{"href":"https:\/\/www.franciskani.si\/zbf\/wp-json\/wp\/v2\/types\/product"}],"replies":[{"embeddable":true,"href":"https:\/\/www.franciskani.si\/zbf\/wp-json\/wp\/v2\/comments?post=210"}],"wp:featuredmedia":[{"embeddable":true,"href":"https:\/\/www.franciskani.si\/zbf\/wp-json\/wp\/v2\/media\/211"}],"wp:attachment":[{"href":"https:\/\/www.franciskani.si\/zbf\/wp-json\/wp\/v2\/media?parent=210"}],"wp:term":[{"taxonomy":"product_brand","embeddable":true,"href":"https:\/\/www.franciskani.si\/zbf\/wp-json\/wp\/v2\/product_brand?post=210"},{"taxonomy":"product_cat","embeddable":true,"href":"https:\/\/www.franciskani.si\/zbf\/wp-json\/wp\/v2\/product_cat?post=210"},{"taxonomy":"product_tag","embeddable":true,"href":"https:\/\/www.franciskani.si\/zbf\/wp-json\/wp\/v2\/product_tag?post=210"}],"curies":[{"name":"wp","href":"https:\/\/api.w.org\/{rel}","templated":true}]}}