{"id":236,"date":"2017-08-20T11:36:57","date_gmt":"2017-08-20T09:36:57","guid":{"rendered":"http:\/\/www.franciskani.si\/zbf\/?post_type=product&#038;p=236"},"modified":"2017-08-20T11:36:57","modified_gmt":"2017-08-20T09:36:57","slug":"v-nove-binkosti","status":"publish","type":"product","link":"https:\/\/www.franciskani.si\/zbf\/izdelek\/v-nove-binkosti\/","title":{"rendered":"V nove binko\u0161ti"},"content":{"rendered":"<p><strong>Peter Vrabec OFM<\/strong>, <strong>Michel Kuren<\/strong><\/p>\n<p>Ljubljana, 1999<\/p>\n<p>To je prvo obse\u017enej\u0161e delo o Prenovi v Duhu s slovenskim avtorstvom. Peter Vrabec v prvem delu knjige s podnaslovom Nekatere zna\u010dilnosti in mesto Prenove v Duhu v Cerkvi spregovori o zgodovini in duhovni vsebini Prenove. V drugem delu, naslovljenem Karizme v prvi Cerkvi pa Michel Kuren poda eksegezo pomembnih mest iz Svetega pisma, ki govore o darovih Svetega Duha (Apostolska dela in prvo pismo Korin\u010danom).<\/p>\n<p>Format: 20 cm, bro\u0161irano, 168 str.<\/p>\n<p>ISBN 961-90564-6-9<\/p>\n","protected":false},"excerpt":{"rendered":"<p>Peter Vrabec OFM, Michel Kuren Ljubljana, 1999 To je prvo obse\u017enej\u0161e delo o Prenovi v Duhu s slovenskim avtorstvom. Peter Vrabec v prvem delu knjige s podnaslovom Nekatere zna\u010dilnosti in mesto Prenove v Duhu v Cerkvi spregovori o zgodovini in duhovni vsebini Prenove. V drugem delu, naslovljenem Karizme v prvi Cerkvi pa Michel Kuren poda [&hellip;]<\/p>\n","protected":false},"featured_media":237,"comment_status":"open","ping_status":"closed","template":"","meta":[],"product_brand":[],"product_cat":[30],"product_tag":[71,70],"class_list":{"0":"post-236","1":"product","2":"type-product","3":"status-publish","4":"has-post-thumbnail","6":"product_cat-sinodi-naproti","7":"product_tag-michel-kuren","8":"product_tag-peter-vrabec-ofm","10":"first","11":"instock","12":"taxable","13":"shipping-taxable","14":"purchasable","15":"product-type-simple"},"_links":{"self":[{"href":"https:\/\/www.franciskani.si\/zbf\/wp-json\/wp\/v2\/product\/236","targetHints":{"allow":["GET"]}}],"collection":[{"href":"https:\/\/www.franciskani.si\/zbf\/wp-json\/wp\/v2\/product"}],"about":[{"href":"https:\/\/www.franciskani.si\/zbf\/wp-json\/wp\/v2\/types\/product"}],"replies":[{"embeddable":true,"href":"https:\/\/www.franciskani.si\/zbf\/wp-json\/wp\/v2\/comments?post=236"}],"wp:featuredmedia":[{"embeddable":true,"href":"https:\/\/www.franciskani.si\/zbf\/wp-json\/wp\/v2\/media\/237"}],"wp:attachment":[{"href":"https:\/\/www.franciskani.si\/zbf\/wp-json\/wp\/v2\/media?parent=236"}],"wp:term":[{"taxonomy":"product_brand","embeddable":true,"href":"https:\/\/www.franciskani.si\/zbf\/wp-json\/wp\/v2\/product_brand?post=236"},{"taxonomy":"product_cat","embeddable":true,"href":"https:\/\/www.franciskani.si\/zbf\/wp-json\/wp\/v2\/product_cat?post=236"},{"taxonomy":"product_tag","embeddable":true,"href":"https:\/\/www.franciskani.si\/zbf\/wp-json\/wp\/v2\/product_tag?post=236"}],"curies":[{"name":"wp","href":"https:\/\/api.w.org\/{rel}","templated":true}]}}