{"id":238,"date":"2017-08-20T11:40:14","date_gmt":"2017-08-20T09:40:14","guid":{"rendered":"http:\/\/www.franciskani.si\/zbf\/?post_type=product&#038;p=238"},"modified":"2017-08-25T22:50:37","modified_gmt":"2017-08-25T20:50:37","slug":"clovek-v-zacaranem-krogu","status":"publish","type":"product","link":"https:\/\/www.franciskani.si\/zbf\/izdelek\/clovek-v-zacaranem-krogu\/","title":{"rendered":"\u010clovek v za\u010daranem krogu"},"content":{"rendered":"<p><strong>Christian Goste\u010dnik OFM<\/strong><\/p>\n<p>Ljubljana, 1997<\/p>\n<p>Fran\u010di\u0161kan, doktor klini\u010dne psihologije razlaga pojem prisilnega ponavljanja v med\u010dlove\u0161kih odnosih. Zakaj sinovi tako pogosto ponavljajo iste vzorce obna\u0161anja, ki so jih videli v svoji izvorni dru\u017eini? Zakaj h\u010di nezvestega, oblastnega ali alkoholi\u010dnega o\u010deta vzame za mo\u017ea nekoga, ki je tako podoben o\u010detu? Ker prav s tako osebo lahko zlomi za\u010darani krog in se napoti proti odre\u0161enju. Toda, kaj je potrebno za to storiti?<\/p>\n<p>Format: 20 cm, bro\u0161irano, 288 str. ISBN 961-90564-0-X<\/p>\n<p>RAZPRODANO!<\/p>\n<p>Knjiga je na voljo samo v elektronski obliki!<br \/>\n\u010ce se zanimate zanjo, nam to sporo\u010dite! Trenutno je brezpla\u010dna.<\/p>\n","protected":false},"excerpt":{"rendered":"<p>Christian Goste\u010dnik OFM Ljubljana, 1997 Fran\u010di\u0161kan, doktor klini\u010dne psihologije razlaga pojem prisilnega ponavljanja v med\u010dlove\u0161kih odnosih. Zakaj sinovi tako pogosto ponavljajo iste vzorce obna\u0161anja, ki so jih videli v svoji izvorni dru\u017eini? Zakaj h\u010di nezvestega, oblastnega ali alkoholi\u010dnega o\u010deta vzame za mo\u017ea nekoga, ki je tako podoben o\u010detu? Ker prav s tako osebo lahko zlomi [&hellip;]<\/p>\n","protected":false},"featured_media":239,"comment_status":"open","ping_status":"closed","template":"","meta":[],"product_brand":[],"product_cat":[34,117],"product_tag":[72],"class_list":{"0":"post-238","1":"product","2":"type-product","3":"status-publish","4":"has-post-thumbnail","6":"product_cat-krik-po-odnosu","7":"product_cat-razprodano","8":"product_tag-christian-gostecnik-ofm","10":"first","11":"outofstock","12":"taxable","13":"shipping-taxable","14":"purchasable","15":"product-type-simple"},"_links":{"self":[{"href":"https:\/\/www.franciskani.si\/zbf\/wp-json\/wp\/v2\/product\/238","targetHints":{"allow":["GET"]}}],"collection":[{"href":"https:\/\/www.franciskani.si\/zbf\/wp-json\/wp\/v2\/product"}],"about":[{"href":"https:\/\/www.franciskani.si\/zbf\/wp-json\/wp\/v2\/types\/product"}],"replies":[{"embeddable":true,"href":"https:\/\/www.franciskani.si\/zbf\/wp-json\/wp\/v2\/comments?post=238"}],"wp:featuredmedia":[{"embeddable":true,"href":"https:\/\/www.franciskani.si\/zbf\/wp-json\/wp\/v2\/media\/239"}],"wp:attachment":[{"href":"https:\/\/www.franciskani.si\/zbf\/wp-json\/wp\/v2\/media?parent=238"}],"wp:term":[{"taxonomy":"product_brand","embeddable":true,"href":"https:\/\/www.franciskani.si\/zbf\/wp-json\/wp\/v2\/product_brand?post=238"},{"taxonomy":"product_cat","embeddable":true,"href":"https:\/\/www.franciskani.si\/zbf\/wp-json\/wp\/v2\/product_cat?post=238"},{"taxonomy":"product_tag","embeddable":true,"href":"https:\/\/www.franciskani.si\/zbf\/wp-json\/wp\/v2\/product_tag?post=238"}],"curies":[{"name":"wp","href":"https:\/\/api.w.org\/{rel}","templated":true}]}}