{"id":240,"date":"2017-08-20T11:42:10","date_gmt":"2017-08-20T09:42:10","guid":{"rendered":"http:\/\/www.franciskani.si\/zbf\/?post_type=product&#038;p=240"},"modified":"2017-11-06T09:39:11","modified_gmt":"2017-11-06T08:39:11","slug":"me-imata-kaj-rada","status":"publish","type":"product","link":"https:\/\/www.franciskani.si\/zbf\/izdelek\/me-imata-kaj-rada\/","title":{"rendered":"Me imata kaj rada"},"content":{"rendered":"<p><strong>Christian Goste\u010dnik OFM<\/strong><\/p>\n<p>Ljubljana 2009<\/p>\n<p>Temeljno vpra\u0161anje, ki si ga postavlja vsak otrok, je, ali ga imajo star\u0161i radi. Svoje star\u0161e vedno znova preizku\u0161a. \u010cutenjem, ki so jih v najzgodnej\u0161i mladosti star\u0161i vrisala v njegovo notranjost, namre\u010d posameznik sledi vse \u017eivljenje. Zato si bomo v tej knjigi, ki je v marsi\u010dem povzetek rubrike Sre\u010dal sem svojo dru\u017eino iz tednika Dru\u017eina, pobli\u017ee ogledali razli\u010dne star\u0161evske pristope, ki zaznamujejo otroka in potem tudi odraslega.<\/p>\n<p>ISBN 978-961-6326-78-0<\/p>\n<p>Format: 14 x 20,5 cm, trda vezava, 352 strani<\/p>\n","protected":false},"excerpt":{"rendered":"<p>Christian Goste\u010dnik OFM Ljubljana 2009 Temeljno vpra\u0161anje, ki si ga postavlja vsak otrok, je, ali ga imajo star\u0161i radi. Svoje star\u0161e vedno znova preizku\u0161a. \u010cutenjem, ki so jih v najzgodnej\u0161i mladosti star\u0161i vrisala v njegovo notranjost, namre\u010d posameznik sledi vse \u017eivljenje. Zato si bomo v tej knjigi, ki je v marsi\u010dem povzetek rubrike Sre\u010dal sem [&hellip;]<\/p>\n","protected":false},"featured_media":241,"comment_status":"open","ping_status":"closed","template":"","meta":[],"product_brand":[],"product_cat":[34],"product_tag":[72],"class_list":{"0":"post-240","1":"product","2":"type-product","3":"status-publish","4":"has-post-thumbnail","6":"product_cat-krik-po-odnosu","7":"product_tag-christian-gostecnik-ofm","9":"first","10":"instock","11":"taxable","12":"shipping-taxable","13":"purchasable","14":"product-type-simple"},"_links":{"self":[{"href":"https:\/\/www.franciskani.si\/zbf\/wp-json\/wp\/v2\/product\/240","targetHints":{"allow":["GET"]}}],"collection":[{"href":"https:\/\/www.franciskani.si\/zbf\/wp-json\/wp\/v2\/product"}],"about":[{"href":"https:\/\/www.franciskani.si\/zbf\/wp-json\/wp\/v2\/types\/product"}],"replies":[{"embeddable":true,"href":"https:\/\/www.franciskani.si\/zbf\/wp-json\/wp\/v2\/comments?post=240"}],"wp:featuredmedia":[{"embeddable":true,"href":"https:\/\/www.franciskani.si\/zbf\/wp-json\/wp\/v2\/media\/241"}],"wp:attachment":[{"href":"https:\/\/www.franciskani.si\/zbf\/wp-json\/wp\/v2\/media?parent=240"}],"wp:term":[{"taxonomy":"product_brand","embeddable":true,"href":"https:\/\/www.franciskani.si\/zbf\/wp-json\/wp\/v2\/product_brand?post=240"},{"taxonomy":"product_cat","embeddable":true,"href":"https:\/\/www.franciskani.si\/zbf\/wp-json\/wp\/v2\/product_cat?post=240"},{"taxonomy":"product_tag","embeddable":true,"href":"https:\/\/www.franciskani.si\/zbf\/wp-json\/wp\/v2\/product_tag?post=240"}],"curies":[{"name":"wp","href":"https:\/\/api.w.org\/{rel}","templated":true}]}}