{"id":252,"date":"2017-08-20T11:52:18","date_gmt":"2017-08-20T09:52:18","guid":{"rendered":"http:\/\/www.franciskani.si\/zbf\/?post_type=product&#038;p=252"},"modified":"2017-08-25T22:45:28","modified_gmt":"2017-08-25T20:45:28","slug":"srecal-sem-svojo-druzino","status":"publish","type":"product","link":"https:\/\/www.franciskani.si\/zbf\/izdelek\/srecal-sem-svojo-druzino\/","title":{"rendered":"Sre\u010dal sem svojo dru\u017eino"},"content":{"rendered":"<p><strong>Christian Goste\u010dnik OFM<\/strong><\/p>\n<p>Ljubljana, 1999<\/p>\n<p>Vsak dan sre\u010dujemo iste obraze za doma\u010do mizo&#8230; pa smo se kdaj zares sre\u010dali? Se zares poznamo in vemo, zakaj nekoga nekaj tako neznansko moti ali pa veseli? Sre\u010dajmo svojo dru\u017eino! V tej knjigi bo stopila pred nas s pomo\u010djo \u010dlankov, ki jih je avtor objavljal v Dru\u017eini, zdaj pa jih je zbral, postavil v logi\u010dno zaporedje in jih obogatil z zgodbami. Najprej predstavi problematiko odnosa med zakoncema, spregovori o iskanju partnerja, o ranjenostih, o sporih. Potem se loti &#8220;znamenite \u0161esterice&#8221; v dru\u017eini; to so mati, o\u010de, ta\u0161\u010da, tast, snaha in zet. Predstavi \u0161e vrste vzgoje in temeljno dinamiko odnosov. Morda je najzanimivej\u0161e poglavje, ki opisuje razli\u010dne tipe otrok, od prvega do zadnjega. Delo zaklju\u010di s poglavjem o dru\u017eini, ki je en sam \u017eiv krik po Bogu in odre\u0161enju.<\/p>\n<p>Format: 318 str., 20 cm, trda vezava<\/p>\n<p>ISBN 961-90564-4-2<\/p>\n","protected":false},"excerpt":{"rendered":"<p>Christian Goste\u010dnik OFM Ljubljana, 1999 Vsak dan sre\u010dujemo iste obraze za doma\u010do mizo&#8230; pa smo se kdaj zares sre\u010dali? Se zares poznamo in vemo, zakaj nekoga nekaj tako neznansko moti ali pa veseli? Sre\u010dajmo svojo dru\u017eino! V tej knjigi bo stopila pred nas s pomo\u010djo \u010dlankov, ki jih je avtor objavljal v Dru\u017eini, zdaj pa [&hellip;]<\/p>\n","protected":false},"featured_media":253,"comment_status":"open","ping_status":"closed","template":"","meta":[],"product_brand":[],"product_cat":[34,117],"product_tag":[72],"class_list":{"0":"post-252","1":"product","2":"type-product","3":"status-publish","4":"has-post-thumbnail","6":"product_cat-krik-po-odnosu","7":"product_cat-razprodano","8":"product_tag-christian-gostecnik-ofm","10":"first","11":"outofstock","12":"taxable","13":"shipping-taxable","14":"purchasable","15":"product-type-simple"},"_links":{"self":[{"href":"https:\/\/www.franciskani.si\/zbf\/wp-json\/wp\/v2\/product\/252","targetHints":{"allow":["GET"]}}],"collection":[{"href":"https:\/\/www.franciskani.si\/zbf\/wp-json\/wp\/v2\/product"}],"about":[{"href":"https:\/\/www.franciskani.si\/zbf\/wp-json\/wp\/v2\/types\/product"}],"replies":[{"embeddable":true,"href":"https:\/\/www.franciskani.si\/zbf\/wp-json\/wp\/v2\/comments?post=252"}],"wp:featuredmedia":[{"embeddable":true,"href":"https:\/\/www.franciskani.si\/zbf\/wp-json\/wp\/v2\/media\/253"}],"wp:attachment":[{"href":"https:\/\/www.franciskani.si\/zbf\/wp-json\/wp\/v2\/media?parent=252"}],"wp:term":[{"taxonomy":"product_brand","embeddable":true,"href":"https:\/\/www.franciskani.si\/zbf\/wp-json\/wp\/v2\/product_brand?post=252"},{"taxonomy":"product_cat","embeddable":true,"href":"https:\/\/www.franciskani.si\/zbf\/wp-json\/wp\/v2\/product_cat?post=252"},{"taxonomy":"product_tag","embeddable":true,"href":"https:\/\/www.franciskani.si\/zbf\/wp-json\/wp\/v2\/product_tag?post=252"}],"curies":[{"name":"wp","href":"https:\/\/api.w.org\/{rel}","templated":true}]}}