{"id":260,"date":"2017-08-20T12:02:40","date_gmt":"2017-08-20T10:02:40","guid":{"rendered":"http:\/\/www.franciskani.si\/zbf\/?post_type=product&#038;p=260"},"modified":"2023-07-11T19:48:38","modified_gmt":"2023-07-11T17:48:38","slug":"inovativna-relacijska-druzinska-terapija","status":"publish","type":"product","link":"https:\/\/www.franciskani.si\/zbf\/izdelek\/inovativna-relacijska-druzinska-terapija\/","title":{"rendered":"RAZPRODANO! Inovativna relacijska dru\u017einska terapija"},"content":{"rendered":"<p>RAZPRODANO!<br \/>\nRAZPRODANO!<br \/>\nRAZPRODANO!<\/p>\n<p>&nbsp;<\/p>\n<p><strong>Christian Goste\u010dnik OFM<\/strong><\/p>\n<p>Ljubljana, 2011<\/p>\n<p>Inovativna relacijska dru\u017einska terapija oziroma model na osnovi temeljnega afekta i\u0161\u010de razre\u0161itev nastalega problema najprej na sistemski ravni, kjer sku\u0161a najprej odkriti dinamiko regulacije afekta, in sicer v povezavi z afektivnim psihi\u010dnim konstruktom. \u010ce na tej ravni ne pride do spremembe, terapevt sku\u0161a prodreti v globlje ravni problema na medosebni in kon\u010dno na intrapsihi\u010dni ravni. Inovativna relacijska dru\u017einska terapija raziskuje notranjepsihi\u010dni svet z ve\u010d zornih kotov in upo\u0161teva razli\u010dne dejavnike relacijske matrice. Terapevt tako sku\u0161a razumeti psihobiolo\u0161ke vsebine, njihov pomen in mo\u010d, ki izvira iz preteklih generacij ter lahko globoko zaznamuje sedanjost posameznika, para, ali dru\u017eine.<\/p>\n<p>Format: 14 x 20,5 cm, trda vezava,<\/p>\n<p>Obseg: 415 strani<\/p>\n<p>ISBN 978-961-6326-98-8<\/p>\n","protected":false},"excerpt":{"rendered":"<p>RAZPRODANO! RAZPRODANO! RAZPRODANO! &nbsp; Christian Goste\u010dnik OFM Ljubljana, 2011 Inovativna relacijska dru\u017einska terapija oziroma model na osnovi temeljnega afekta i\u0161\u010de razre\u0161itev nastalega problema najprej na sistemski ravni, kjer sku\u0161a najprej odkriti dinamiko regulacije afekta, in sicer v povezavi z afektivnim psihi\u010dnim konstruktom. \u010ce na tej ravni ne pride do spremembe, terapevt sku\u0161a prodreti v globlje [&hellip;]<\/p>\n","protected":false},"featured_media":261,"comment_status":"open","ping_status":"closed","template":"","meta":[],"product_brand":[],"product_cat":[35],"product_tag":[72],"class_list":{"0":"post-260","1":"product","2":"type-product","3":"status-publish","4":"has-post-thumbnail","6":"product_cat-monografije-fdi","7":"product_tag-christian-gostecnik-ofm","9":"first","10":"outofstock","11":"taxable","12":"shipping-taxable","13":"purchasable","14":"product-type-simple"},"_links":{"self":[{"href":"https:\/\/www.franciskani.si\/zbf\/wp-json\/wp\/v2\/product\/260","targetHints":{"allow":["GET"]}}],"collection":[{"href":"https:\/\/www.franciskani.si\/zbf\/wp-json\/wp\/v2\/product"}],"about":[{"href":"https:\/\/www.franciskani.si\/zbf\/wp-json\/wp\/v2\/types\/product"}],"replies":[{"embeddable":true,"href":"https:\/\/www.franciskani.si\/zbf\/wp-json\/wp\/v2\/comments?post=260"}],"wp:featuredmedia":[{"embeddable":true,"href":"https:\/\/www.franciskani.si\/zbf\/wp-json\/wp\/v2\/media\/261"}],"wp:attachment":[{"href":"https:\/\/www.franciskani.si\/zbf\/wp-json\/wp\/v2\/media?parent=260"}],"wp:term":[{"taxonomy":"product_brand","embeddable":true,"href":"https:\/\/www.franciskani.si\/zbf\/wp-json\/wp\/v2\/product_brand?post=260"},{"taxonomy":"product_cat","embeddable":true,"href":"https:\/\/www.franciskani.si\/zbf\/wp-json\/wp\/v2\/product_cat?post=260"},{"taxonomy":"product_tag","embeddable":true,"href":"https:\/\/www.franciskani.si\/zbf\/wp-json\/wp\/v2\/product_tag?post=260"}],"curies":[{"name":"wp","href":"https:\/\/api.w.org\/{rel}","templated":true}]}}