{"id":326,"date":"2017-08-20T14:39:38","date_gmt":"2017-08-20T12:39:38","guid":{"rendered":"http:\/\/www.franciskani.si\/zbf\/?post_type=product&#038;p=326"},"modified":"2018-10-03T15:30:12","modified_gmt":"2018-10-03T13:30:12","slug":"zgodba-o-francisku","status":"publish","type":"product","link":"https:\/\/www.franciskani.si\/zbf\/izdelek\/zgodba-o-francisku\/","title":{"rendered":"Zgodba o Fran\u010di\u0161ku"},"content":{"rendered":"<p><em>pripoved na zgo\u0161\u010denki<\/em><\/p>\n<p>Ljubljana, 2002<\/p>\n<p>Knjig o sv. Fran\u010di\u0161ku je \u017ee kar precej na na\u0161ih policah. A kaj, ko jih je v\u010dasih tako te\u017eko vzeti v roke. Morda bomo to raje storili, ko bomo sli\u0161ali pripoved o njegovem \u017eivljenju, ki jo je po teh knjigah pripravila s. Mateja Kra\u0161evec in jo potem s skupino mladih prebrala in opremila z glasbenimi vlo\u017eki. Tako se je rodila ta zgo\u0161\u010denka. Kmalu ji bo sledila \u0161e ena o sv. Klari, ena pa s pripovedmi iz Ro\u017eic.<\/p>\n<p>SAZAS ZBF CD 002<\/p>\n<p><iframe loading=\"lazy\" width=\"980\" height=\"551\" src=\"https:\/\/www.youtube.com\/embed\/2T6l5hhqg4U?feature=oembed\" frameborder=\"0\" allow=\"autoplay; encrypted-media\" allowfullscreen><\/iframe><\/p>\n","protected":false},"excerpt":{"rendered":"<p>pripoved na zgo\u0161\u010denki Ljubljana, 2002 Knjig o sv. Fran\u010di\u0161ku je \u017ee kar precej na na\u0161ih policah. A kaj, ko jih je v\u010dasih tako te\u017eko vzeti v roke. Morda bomo to raje storili, ko bomo sli\u0161ali pripoved o njegovem \u017eivljenju, ki jo je po teh knjigah pripravila s. Mateja Kra\u0161evec in jo potem s skupino mladih [&hellip;]<\/p>\n","protected":false},"featured_media":327,"comment_status":"open","ping_status":"closed","template":"","meta":[],"product_brand":[],"product_cat":[117,29],"product_tag":[],"class_list":{"0":"post-326","1":"product","2":"type-product","3":"status-publish","4":"has-post-thumbnail","6":"product_cat-razprodano","7":"product_cat-zgoscenke","9":"first","10":"outofstock","11":"taxable","12":"shipping-taxable","13":"product-type-simple"},"_links":{"self":[{"href":"https:\/\/www.franciskani.si\/zbf\/wp-json\/wp\/v2\/product\/326","targetHints":{"allow":["GET"]}}],"collection":[{"href":"https:\/\/www.franciskani.si\/zbf\/wp-json\/wp\/v2\/product"}],"about":[{"href":"https:\/\/www.franciskani.si\/zbf\/wp-json\/wp\/v2\/types\/product"}],"replies":[{"embeddable":true,"href":"https:\/\/www.franciskani.si\/zbf\/wp-json\/wp\/v2\/comments?post=326"}],"wp:featuredmedia":[{"embeddable":true,"href":"https:\/\/www.franciskani.si\/zbf\/wp-json\/wp\/v2\/media\/327"}],"wp:attachment":[{"href":"https:\/\/www.franciskani.si\/zbf\/wp-json\/wp\/v2\/media?parent=326"}],"wp:term":[{"taxonomy":"product_brand","embeddable":true,"href":"https:\/\/www.franciskani.si\/zbf\/wp-json\/wp\/v2\/product_brand?post=326"},{"taxonomy":"product_cat","embeddable":true,"href":"https:\/\/www.franciskani.si\/zbf\/wp-json\/wp\/v2\/product_cat?post=326"},{"taxonomy":"product_tag","embeddable":true,"href":"https:\/\/www.franciskani.si\/zbf\/wp-json\/wp\/v2\/product_tag?post=326"}],"curies":[{"name":"wp","href":"https:\/\/api.w.org\/{rel}","templated":true}]}}