{"id":332,"date":"2017-08-20T14:43:55","date_gmt":"2017-08-20T12:43:55","guid":{"rendered":"http:\/\/www.franciskani.si\/zbf\/?post_type=product&#038;p=332"},"modified":"2017-12-09T17:56:09","modified_gmt":"2017-12-09T16:56:09","slug":"pred-tabo-klecim","status":"publish","type":"product","link":"https:\/\/www.franciskani.si\/zbf\/izdelek\/pred-tabo-klecim\/","title":{"rendered":"Pred tabo kle\u010dim"},"content":{"rendered":"<p><strong>p. Vid Lisjak OFM in Me\u0161ani pevski zbor Anton F\u00f6rster<\/strong><\/p>\n<p><em>Psalmi, bo\u017ei\u010dne, evharisti\u010dne in Marijine pesmi<\/em><\/p>\n<p>Ljubljana, 2008<\/p>\n<p>Na zgo\u0161\u010denki je mogo\u010de sli\u0161ati v izvedbi solista tenorista p. Vida Lisjaka in odli\u010dnega zbora Antona F\u00f6rsterja pesmi z razli\u010dno tematiko: od liturgi\u010dnih psalmov do klasi\u010dnih bo\u017ei\u010dnih, evharisti\u010dnih in Marijinih pesmi.<\/p>\n<p>SAZAS ZBF CD014<\/p>\n","protected":false},"excerpt":{"rendered":"<p>p. Vid Lisjak OFM in Me\u0161ani pevski zbor Anton F\u00f6rster Psalmi, bo\u017ei\u010dne, evharisti\u010dne in Marijine pesmi Ljubljana, 2008 Na zgo\u0161\u010denki je mogo\u010de sli\u0161ati v izvedbi solista tenorista p. Vida Lisjaka in odli\u010dnega zbora Antona F\u00f6rsterja pesmi z razli\u010dno tematiko: od liturgi\u010dnih psalmov do klasi\u010dnih bo\u017ei\u010dnih, evharisti\u010dnih in Marijinih pesmi. SAZAS ZBF CD014<\/p>\n","protected":false},"featured_media":333,"comment_status":"open","ping_status":"closed","template":"","meta":[],"product_brand":[],"product_cat":[117,29],"product_tag":[89],"class_list":{"0":"post-332","1":"product","2":"type-product","3":"status-publish","4":"has-post-thumbnail","6":"product_cat-razprodano","7":"product_cat-zgoscenke","8":"product_tag-vid-lisjak-ofm","10":"first","11":"outofstock","12":"taxable","13":"shipping-taxable","14":"purchasable","15":"product-type-simple"},"_links":{"self":[{"href":"https:\/\/www.franciskani.si\/zbf\/wp-json\/wp\/v2\/product\/332","targetHints":{"allow":["GET"]}}],"collection":[{"href":"https:\/\/www.franciskani.si\/zbf\/wp-json\/wp\/v2\/product"}],"about":[{"href":"https:\/\/www.franciskani.si\/zbf\/wp-json\/wp\/v2\/types\/product"}],"replies":[{"embeddable":true,"href":"https:\/\/www.franciskani.si\/zbf\/wp-json\/wp\/v2\/comments?post=332"}],"wp:featuredmedia":[{"embeddable":true,"href":"https:\/\/www.franciskani.si\/zbf\/wp-json\/wp\/v2\/media\/333"}],"wp:attachment":[{"href":"https:\/\/www.franciskani.si\/zbf\/wp-json\/wp\/v2\/media?parent=332"}],"wp:term":[{"taxonomy":"product_brand","embeddable":true,"href":"https:\/\/www.franciskani.si\/zbf\/wp-json\/wp\/v2\/product_brand?post=332"},{"taxonomy":"product_cat","embeddable":true,"href":"https:\/\/www.franciskani.si\/zbf\/wp-json\/wp\/v2\/product_cat?post=332"},{"taxonomy":"product_tag","embeddable":true,"href":"https:\/\/www.franciskani.si\/zbf\/wp-json\/wp\/v2\/product_tag?post=332"}],"curies":[{"name":"wp","href":"https:\/\/api.w.org\/{rel}","templated":true}]}}