{"id":342,"date":"2017-08-20T15:17:10","date_gmt":"2017-08-20T13:17:10","guid":{"rendered":"http:\/\/www.franciskani.si\/zbf\/?post_type=product&#038;p=342"},"modified":"2017-08-21T00:15:47","modified_gmt":"2017-08-20T22:15:47","slug":"clovek-med-zarodnimi-in-izvornimi-celicami","status":"publish","type":"product","link":"https:\/\/www.franciskani.si\/zbf\/izdelek\/clovek-med-zarodnimi-in-izvornimi-celicami\/","title":{"rendered":"\u010clovek med zarodnimi in izvornimi celicami"},"content":{"rendered":"<p><strong>Tadej Strehovec OFM<\/strong><\/p>\n<p>Raziskave na izvornih celicah so danes ene izmed najbolj aktualnih podro\u010dij znotraj t.i. regenerativne medicine. \u0160tevilni raziskovalci, politiki in uporabniki vidijo v razvoju tovrstnih raziskav velike mo\u017enosti tako za zdravljenje bolezni kot tudi za ustvarjanje tkiv ter organov za potrebe transplantacij. Vendar tak\u0161ne mo\u017enosti v sebi ne skrivajo samo pozitivnih obljub, temve\u010d \u0161tevilne eti\u010dne probleme kot npr. ustvarjanje in uni\u010devanje \u010dlove\u0161kih zarodkov in kloniranje \u010dloveka. Da se raziskovalci in uporabniki izognejo nepredvidljivim posledicam tovrstnega raziskovanja, je nujno potreben celosten pregled in ustrezen eti\u010dni premislek.<\/p>\n<p>Knjigo bodo z zanimanjem vzeli v roke tako \u0161tudentje medicine kot tudi novinarji in strokovnjaki za eti\u010dna vpra\u0161anja.<\/p>\n<p>Iz\u0161la je s finan\u010dno podporo Agencije za raziskovanje Republike Slovenije<\/p>\n<p>(Znanstvena knji\u017enica Teolo\u0161ke fakultete ; 12)<\/p>\n<p>ISBN 978-961-6326-63-6<\/p>\n<p>Format 16&#215;23 cm<br \/>\nObseg: 288 str<\/p>\n","protected":false},"excerpt":{"rendered":"<p>Tadej Strehovec OFM Raziskave na izvornih celicah so danes ene izmed najbolj aktualnih podro\u010dij znotraj t.i. regenerativne medicine. \u0160tevilni raziskovalci, politiki in uporabniki vidijo v razvoju tovrstnih raziskav velike mo\u017enosti tako za zdravljenje bolezni kot tudi za ustvarjanje tkiv ter organov za potrebe transplantacij. Vendar tak\u0161ne mo\u017enosti v sebi ne skrivajo samo pozitivnih obljub, temve\u010d [&hellip;]<\/p>\n","protected":false},"featured_media":343,"comment_status":"open","ping_status":"closed","template":"","meta":[],"product_brand":[],"product_cat":[36],"product_tag":[94],"class_list":{"0":"post-342","1":"product","2":"type-product","3":"status-publish","4":"has-post-thumbnail","6":"product_cat-zunaj-zbirk","7":"product_tag-tadej-strehovec-ofm","9":"first","10":"instock","11":"taxable","12":"shipping-taxable","13":"purchasable","14":"product-type-simple"},"_links":{"self":[{"href":"https:\/\/www.franciskani.si\/zbf\/wp-json\/wp\/v2\/product\/342","targetHints":{"allow":["GET"]}}],"collection":[{"href":"https:\/\/www.franciskani.si\/zbf\/wp-json\/wp\/v2\/product"}],"about":[{"href":"https:\/\/www.franciskani.si\/zbf\/wp-json\/wp\/v2\/types\/product"}],"replies":[{"embeddable":true,"href":"https:\/\/www.franciskani.si\/zbf\/wp-json\/wp\/v2\/comments?post=342"}],"wp:featuredmedia":[{"embeddable":true,"href":"https:\/\/www.franciskani.si\/zbf\/wp-json\/wp\/v2\/media\/343"}],"wp:attachment":[{"href":"https:\/\/www.franciskani.si\/zbf\/wp-json\/wp\/v2\/media?parent=342"}],"wp:term":[{"taxonomy":"product_brand","embeddable":true,"href":"https:\/\/www.franciskani.si\/zbf\/wp-json\/wp\/v2\/product_brand?post=342"},{"taxonomy":"product_cat","embeddable":true,"href":"https:\/\/www.franciskani.si\/zbf\/wp-json\/wp\/v2\/product_cat?post=342"},{"taxonomy":"product_tag","embeddable":true,"href":"https:\/\/www.franciskani.si\/zbf\/wp-json\/wp\/v2\/product_tag?post=342"}],"curies":[{"name":"wp","href":"https:\/\/api.w.org\/{rel}","templated":true}]}}