{"id":350,"date":"2017-08-20T15:24:29","date_gmt":"2017-08-20T13:24:29","guid":{"rendered":"http:\/\/www.franciskani.si\/zbf\/?post_type=product&#038;p=350"},"modified":"2024-03-01T08:29:44","modified_gmt":"2024-03-01T07:29:44","slug":"il-est-important-detre-ensemble","status":"publish","type":"product","link":"https:\/\/www.franciskani.si\/zbf\/izdelek\/il-est-important-detre-ensemble\/","title":{"rendered":"Il est important d&#8217;\u00eatre ensemble"},"content":{"rendered":"<p><strong>Mari Osredkar OFM<\/strong><\/p>\n<p>Paris 2008<\/p>\n<p>Del Guya Lafona ni mogo\u010de presojati kot neki predmet! Lahko pa re\u010dem, da sem z njimi vzpostavil tak odnos, da so misli, ki so izra\u017eene v njih, vplivale na moje kr\u0161\u010dansko \u017eivljenje, na moj pogled na svet, na moje misli, moje pou\u010devanje in predvsem na moj odnos z drugimi, s &#8216;povsem drugim&#8217;. Rad bi videl, da bi mi uspelo predstaviti odre\u0161enje tako, da bo privla\u010dno in da pomaga bratom najti smisel \u017eivljenja, odre\u0161enje, tako da vzpostavi odnose s povsem drugim in v teh odnosih prepozna prihod &#8216;povsem Drugega&#8217;.<\/p>\n<p>\u00ab Il n&#8217;est pas possible de juger les \u0153uvres de Guy Lafon comme un objet ! Mais je peux dire que j&#8217;ai \u00e9tabli avec elles une telle relation que les id\u00e9es qui y sont exprim\u00e9es ont influenc\u00e9 ma vie chr\u00e9tienne, ma vue sur le monde, mes pens\u00e9es, mon enseignement et surtout mon rapport aux autres, \u00e0 &#8220;tout autre&#8221;. Je voudrais avoir r\u00e9ussi \u00e0 pr\u00e9senter le salut de mani\u00e8re telle qu&#8217;il soit attrayant et qu&#8217;il aide des fr\u00e8res \u00e0 trouver le sens de leur vie, leur salut, en \u00e9tablissant des relations avec tout autre et en reconnaissant dans ces relations la venue du &#8220;tout Autre&#8221; \u00bb.<\/p>\n<p>ISBN 978-2-850-20241-4<\/p>\n<p>Format: 19,5 x 12,5 cm, bro\u0161irano, 168 strani<\/p>\n<p>Knjiga je v francoskem jeziku. Iz\u0161la je v sodelovanju z zalo\u017ebo Editions franciscaines iz Pariza.<\/p>\n","protected":false},"excerpt":{"rendered":"<p>Mari Osredkar OFM Paris 2008 Del Guya Lafona ni mogo\u010de presojati kot neki predmet! Lahko pa re\u010dem, da sem z njimi vzpostavil tak odnos, da so misli, ki so izra\u017eene v njih, vplivale na moje kr\u0161\u010dansko \u017eivljenje, na moj pogled na svet, na moje misli, moje pou\u010devanje in predvsem na moj odnos z drugimi, s [&hellip;]<\/p>\n","protected":false},"featured_media":351,"comment_status":"open","ping_status":"closed","template":"","meta":[],"product_brand":[],"product_cat":[36],"product_tag":[101],"class_list":{"0":"post-350","1":"product","2":"type-product","3":"status-publish","4":"has-post-thumbnail","6":"product_cat-zunaj-zbirk","7":"product_tag-mari-osredkar-ofm","9":"first","10":"outofstock","11":"taxable","12":"shipping-taxable","13":"purchasable","14":"product-type-simple"},"_links":{"self":[{"href":"https:\/\/www.franciskani.si\/zbf\/wp-json\/wp\/v2\/product\/350","targetHints":{"allow":["GET"]}}],"collection":[{"href":"https:\/\/www.franciskani.si\/zbf\/wp-json\/wp\/v2\/product"}],"about":[{"href":"https:\/\/www.franciskani.si\/zbf\/wp-json\/wp\/v2\/types\/product"}],"replies":[{"embeddable":true,"href":"https:\/\/www.franciskani.si\/zbf\/wp-json\/wp\/v2\/comments?post=350"}],"wp:featuredmedia":[{"embeddable":true,"href":"https:\/\/www.franciskani.si\/zbf\/wp-json\/wp\/v2\/media\/351"}],"wp:attachment":[{"href":"https:\/\/www.franciskani.si\/zbf\/wp-json\/wp\/v2\/media?parent=350"}],"wp:term":[{"taxonomy":"product_brand","embeddable":true,"href":"https:\/\/www.franciskani.si\/zbf\/wp-json\/wp\/v2\/product_brand?post=350"},{"taxonomy":"product_cat","embeddable":true,"href":"https:\/\/www.franciskani.si\/zbf\/wp-json\/wp\/v2\/product_cat?post=350"},{"taxonomy":"product_tag","embeddable":true,"href":"https:\/\/www.franciskani.si\/zbf\/wp-json\/wp\/v2\/product_tag?post=350"}],"curies":[{"name":"wp","href":"https:\/\/api.w.org\/{rel}","templated":true}]}}