{"id":356,"date":"2017-08-20T15:28:41","date_gmt":"2017-08-20T13:28:41","guid":{"rendered":"http:\/\/www.franciskani.si\/zbf\/?post_type=product&#038;p=356"},"modified":"2017-08-21T00:02:30","modified_gmt":"2017-08-20T22:02:30","slug":"med-nami-je-on","status":"publish","type":"product","link":"https:\/\/www.franciskani.si\/zbf\/izdelek\/med-nami-je-on\/","title":{"rendered":"Med nami je On!"},"content":{"rendered":"<p><strong>Janez Papa OFM in Tadej Strehovec OFM<\/strong><\/p>\n<p>Ljubljana, 2001<\/p>\n<p>dopolnjena izdaja<\/p>\n<p>V \u010dasu, ko si mladi vedno bolj \u017eelimo medsebojnega dru\u017eenja in ko hrepenimo po medsebojni povezanosti, veselju, sre\u010di in igrivosti, lahko priznamo, da nas v tej povezanosti na poseben na\u010din zdru\u017euje glasba &#8211; pesem, ki jo lahko vsi skupaj zapojemo. Zato ni \u010dudno, da se mladi prepoznamo v razli\u010dnih stilih glasbe, da prisluhnemo tistim pesmim, ki jih imamo \u0161e posebej radi in si jih ve\u010dkrat sami pri sebi zapojemo ali pa jih celo napi\u0161emo.<\/p>\n<p>Nova dopolnjena izdaja vklju\u010duje vse pesmi iz prve izdaje (261), ki je iz\u0161la leta 1999. Prav tako pa smo vanjo vklju\u010dili tudi izbor novih pesmi (73), predvsem tistih, ki so iz\u0161le na zgo\u0161\u010denkah.<\/p>\n<p>Format: 17 x 11,5 cm, bro\u0161irana vezava.<\/p>\n<p>Obseg: 336 str.<\/p>\n<p>ISBN 961-6326-16-3<\/p>\n","protected":false},"excerpt":{"rendered":"<p>Janez Papa OFM in Tadej Strehovec OFM Ljubljana, 2001 dopolnjena izdaja V \u010dasu, ko si mladi vedno bolj \u017eelimo medsebojnega dru\u017eenja in ko hrepenimo po medsebojni povezanosti, veselju, sre\u010di in igrivosti, lahko priznamo, da nas v tej povezanosti na poseben na\u010din zdru\u017euje glasba &#8211; pesem, ki jo lahko vsi skupaj zapojemo. Zato ni \u010dudno, da [&hellip;]<\/p>\n","protected":false},"featured_media":357,"comment_status":"open","ping_status":"closed","template":"","meta":[],"product_brand":[],"product_cat":[117,36],"product_tag":[103,94],"class_list":{"0":"post-356","1":"product","2":"type-product","3":"status-publish","4":"has-post-thumbnail","6":"product_cat-razprodano","7":"product_cat-zunaj-zbirk","8":"product_tag-janez-papa-ofm","9":"product_tag-tadej-strehovec-ofm","11":"first","12":"outofstock","13":"taxable","14":"shipping-taxable","15":"purchasable","16":"product-type-simple"},"_links":{"self":[{"href":"https:\/\/www.franciskani.si\/zbf\/wp-json\/wp\/v2\/product\/356","targetHints":{"allow":["GET"]}}],"collection":[{"href":"https:\/\/www.franciskani.si\/zbf\/wp-json\/wp\/v2\/product"}],"about":[{"href":"https:\/\/www.franciskani.si\/zbf\/wp-json\/wp\/v2\/types\/product"}],"replies":[{"embeddable":true,"href":"https:\/\/www.franciskani.si\/zbf\/wp-json\/wp\/v2\/comments?post=356"}],"wp:featuredmedia":[{"embeddable":true,"href":"https:\/\/www.franciskani.si\/zbf\/wp-json\/wp\/v2\/media\/357"}],"wp:attachment":[{"href":"https:\/\/www.franciskani.si\/zbf\/wp-json\/wp\/v2\/media?parent=356"}],"wp:term":[{"taxonomy":"product_brand","embeddable":true,"href":"https:\/\/www.franciskani.si\/zbf\/wp-json\/wp\/v2\/product_brand?post=356"},{"taxonomy":"product_cat","embeddable":true,"href":"https:\/\/www.franciskani.si\/zbf\/wp-json\/wp\/v2\/product_cat?post=356"},{"taxonomy":"product_tag","embeddable":true,"href":"https:\/\/www.franciskani.si\/zbf\/wp-json\/wp\/v2\/product_tag?post=356"}],"curies":[{"name":"wp","href":"https:\/\/api.w.org\/{rel}","templated":true}]}}