{"id":374,"date":"2017-08-20T15:47:40","date_gmt":"2017-08-20T13:47:40","guid":{"rendered":"http:\/\/www.franciskani.si\/zbf\/?post_type=product&#038;p=374"},"modified":"2017-08-20T15:47:40","modified_gmt":"2017-08-20T13:47:40","slug":"simfonija-besede","status":"publish","type":"product","link":"https:\/\/www.franciskani.si\/zbf\/izdelek\/simfonija-besede\/","title":{"rendered":"Simfonija Besede"},"content":{"rendered":"<p><strong>Fr\u00e9d\u00e9ric Manns OFM<\/strong><\/p>\n<p>Ljubljana, 2012<br \/>\nTa knjiga Fr\u00e9d\u00e9rica Mannsa \u2013 biblicista mednarodnega slovesa in enega najbolj\u0161ih poznavalcev judovskega ozadja Nove zaveze \u2013 je dragocen pripomocek za preiskovanje Svetega pisma po poti lectio divina: podaja razumevanje simbolov in se ponuja kot odlicna vaja, da se nauci\u0161 preiti od branja besedil k njihovemu pomenu zate, od pomena h kontemplaciji in od te k \u017eivljenju, ki ga je spremenil Bog, ki ti govori v svoji Besedi.<\/p>\n<p>Format: 12 x 20 cm, bro\u0161irano<\/p>\n<p>Obseg: 248 str.<\/p>\n<p>ISBN 978-961-6873-09-3<\/p>\n","protected":false},"excerpt":{"rendered":"<p>Fr\u00e9d\u00e9ric Manns OFM Ljubljana, 2012 Ta knjiga Fr\u00e9d\u00e9rica Mannsa \u2013 biblicista mednarodnega slovesa in enega najbolj\u0161ih poznavalcev judovskega ozadja Nove zaveze \u2013 je dragocen pripomocek za preiskovanje Svetega pisma po poti lectio divina: podaja razumevanje simbolov in se ponuja kot odlicna vaja, da se nauci\u0161 preiti od branja besedil k njihovemu pomenu zate, od pomena [&hellip;]<\/p>\n","protected":false},"featured_media":375,"comment_status":"open","ping_status":"closed","template":"","meta":[],"product_brand":[],"product_cat":[36],"product_tag":[108],"class_list":{"0":"post-374","1":"product","2":"type-product","3":"status-publish","4":"has-post-thumbnail","6":"product_cat-zunaj-zbirk","7":"product_tag-frederic-manns-ofm","9":"first","10":"instock","11":"taxable","12":"shipping-taxable","13":"purchasable","14":"product-type-simple"},"_links":{"self":[{"href":"https:\/\/www.franciskani.si\/zbf\/wp-json\/wp\/v2\/product\/374","targetHints":{"allow":["GET"]}}],"collection":[{"href":"https:\/\/www.franciskani.si\/zbf\/wp-json\/wp\/v2\/product"}],"about":[{"href":"https:\/\/www.franciskani.si\/zbf\/wp-json\/wp\/v2\/types\/product"}],"replies":[{"embeddable":true,"href":"https:\/\/www.franciskani.si\/zbf\/wp-json\/wp\/v2\/comments?post=374"}],"wp:featuredmedia":[{"embeddable":true,"href":"https:\/\/www.franciskani.si\/zbf\/wp-json\/wp\/v2\/media\/375"}],"wp:attachment":[{"href":"https:\/\/www.franciskani.si\/zbf\/wp-json\/wp\/v2\/media?parent=374"}],"wp:term":[{"taxonomy":"product_brand","embeddable":true,"href":"https:\/\/www.franciskani.si\/zbf\/wp-json\/wp\/v2\/product_brand?post=374"},{"taxonomy":"product_cat","embeddable":true,"href":"https:\/\/www.franciskani.si\/zbf\/wp-json\/wp\/v2\/product_cat?post=374"},{"taxonomy":"product_tag","embeddable":true,"href":"https:\/\/www.franciskani.si\/zbf\/wp-json\/wp\/v2\/product_tag?post=374"}],"curies":[{"name":"wp","href":"https:\/\/api.w.org\/{rel}","templated":true}]}}