{"id":380,"date":"2017-08-20T15:52:52","date_gmt":"2017-08-20T13:52:52","guid":{"rendered":"http:\/\/www.franciskani.si\/zbf\/?post_type=product&#038;p=380"},"modified":"2017-08-25T22:47:13","modified_gmt":"2017-08-25T20:47:13","slug":"v-franciskovem-duhu","status":"publish","type":"product","link":"https:\/\/www.franciskani.si\/zbf\/izdelek\/v-franciskovem-duhu\/","title":{"rendered":"V Fran\u010di\u0161kovem duhu"},"content":{"rendered":"<p><strong>W. Egger, L. Lehmann, A. Rotzetter, vsi OFMCap<\/strong><\/p>\n<p><em>Te\u010daj Fran\u010di\u0161kove duhovnosti<\/em><\/p>\n<p>Prevedle \u0160olske sestre sv. Fran\u010di\u0161ka Kristusa Kralja<\/p>\n<p>Ljubljana, 2003<\/p>\n<p>Besedilo te knjige je nastalo kot dopisni te\u010daj Fran\u010di\u0161kove duhovnosti v nem\u0161ko govore\u010dem okolju. V na\u0161o govorico in na\u0161e okolje pa so ga prevedle \u0161olske sestre in pregledali bratje minoriti, kapucini in fran\u010di\u0161kani. Po lekcijah, ki si sledijo v logi\u010dnem zaporedju, spoznavamo Fran\u010di\u0161kovo osebno zgodbo, njegovo izkustvo Boga, njegove spise, potem zgodovino redov in slednji\u010d kar nekaj pomembnih tem, ki naj bi oblikovali \u017eivljenje manj\u0161ega brata, uboge gospe ali spokornikov: evangelij, molitev, bratstvo, pokor\u0161\u010dino, ubo\u0161tvo, solidarnost, misijon, mir, Cerkev, Sveto pismo, evharistijo. Dodana so \u0161e poglavja o Klari, ki so nastala naknadno, ob prej\u0161nji Klarini obletnici in zelo ustrezajo tudi leto\u0161njemu letu, posve\u010denemu tej izbrani Fran\u010di\u0161kovi &#8220;sadiki&#8221;.<\/p>\n<p>Format: 21 x 30 cm, bro\u0161irano<\/p>\n<p>Obseg: 200 str.<\/p>\n<p>Na voljo samo \u0161e v skupnostih OFS in na provincialatih Fran\u010di\u0161kovih redov.<\/p>\n","protected":false},"excerpt":{"rendered":"<p>W. Egger, L. Lehmann, A. Rotzetter, vsi OFMCap Te\u010daj Fran\u010di\u0161kove duhovnosti Prevedle \u0160olske sestre sv. Fran\u010di\u0161ka Kristusa Kralja Ljubljana, 2003 Besedilo te knjige je nastalo kot dopisni te\u010daj Fran\u010di\u0161kove duhovnosti v nem\u0161ko govore\u010dem okolju. V na\u0161o govorico in na\u0161e okolje pa so ga prevedle \u0161olske sestre in pregledali bratje minoriti, kapucini in fran\u010di\u0161kani. Po lekcijah, [&hellip;]<\/p>\n","protected":false},"featured_media":381,"comment_status":"open","ping_status":"closed","template":"","meta":[],"product_brand":[],"product_cat":[117,36],"product_tag":[],"class_list":{"0":"post-380","1":"product","2":"type-product","3":"status-publish","4":"has-post-thumbnail","6":"product_cat-razprodano","7":"product_cat-zunaj-zbirk","9":"first","10":"outofstock","11":"virtual","12":"taxable","13":"purchasable","14":"product-type-simple"},"_links":{"self":[{"href":"https:\/\/www.franciskani.si\/zbf\/wp-json\/wp\/v2\/product\/380","targetHints":{"allow":["GET"]}}],"collection":[{"href":"https:\/\/www.franciskani.si\/zbf\/wp-json\/wp\/v2\/product"}],"about":[{"href":"https:\/\/www.franciskani.si\/zbf\/wp-json\/wp\/v2\/types\/product"}],"replies":[{"embeddable":true,"href":"https:\/\/www.franciskani.si\/zbf\/wp-json\/wp\/v2\/comments?post=380"}],"wp:featuredmedia":[{"embeddable":true,"href":"https:\/\/www.franciskani.si\/zbf\/wp-json\/wp\/v2\/media\/381"}],"wp:attachment":[{"href":"https:\/\/www.franciskani.si\/zbf\/wp-json\/wp\/v2\/media?parent=380"}],"wp:term":[{"taxonomy":"product_brand","embeddable":true,"href":"https:\/\/www.franciskani.si\/zbf\/wp-json\/wp\/v2\/product_brand?post=380"},{"taxonomy":"product_cat","embeddable":true,"href":"https:\/\/www.franciskani.si\/zbf\/wp-json\/wp\/v2\/product_cat?post=380"},{"taxonomy":"product_tag","embeddable":true,"href":"https:\/\/www.franciskani.si\/zbf\/wp-json\/wp\/v2\/product_tag?post=380"}],"curies":[{"name":"wp","href":"https:\/\/api.w.org\/{rel}","templated":true}]}}