{"id":384,"date":"2017-08-20T15:58:38","date_gmt":"2017-08-20T13:58:38","guid":{"rendered":"http:\/\/www.franciskani.si\/zbf\/?post_type=product&#038;p=384"},"modified":"2021-08-26T11:47:34","modified_gmt":"2021-08-26T09:47:34","slug":"besede-zivljenja-1-prva-spoznanja","status":"publish","type":"product","link":"https:\/\/www.franciskani.si\/zbf\/izdelek\/besede-zivljenja-1-prva-spoznanja\/","title":{"rendered":"Besede \u017eivljenja 1 Prva spoznanja"},"content":{"rendered":"<p><strong>Svetopisemski pripomo\u010dek za 1. razred verouka<\/strong><br \/>\n<em>Lectio divina za najmlaj\u0161e<\/em><\/p>\n<p><strong>P. Silvin Krajnc OFM<\/strong>, <strong>Jelka in \u017diva Melik<\/strong> so pripravili 27 svetopisemskih zgodb in jih uredili tako, da lahko slu\u017eijo za svetopisemsko katehezo za prvi razred devetletke. Ob vsaki zgodbi so napotki za razmi\u0161ljanje in rast v veri. Z ilustracijami jih je opremila Paola Bertolini Grudina, vsaka zgodba pa ima dodano \u0161e upodobitev motiva iz svetovne slikarske zakladnice.<br \/>\nDelo je uporabno pri samem verouku za vse razrede prve triade, pri dodatnih svetopisemskih uricah za mlaj\u0161e, pa tudi pri \u00bbbabi\u010dinem\u00ab verouku doma. Tudi Miklav\u017e bi se znal razveseliti tega darila.<br \/>\nTo je prvi zvezek zbirke, ki:<br \/>\n&#8211; osvetljuje in razlaga Sveto pismo,<br \/>\n&#8211; o\u017eivlja in dopolnjuje osnovno\u0161olski verouk,<br \/>\n&#8211; pribli\u017euje svet umetnosti in kulture,<br \/>\n&#8211; povezuje Bo\u017ejo besedo z vsakdanjim \u017eivljenjem.<\/p>\n<p><a href=\"https:\/\/www.franciskani.si\/zbf\/wp-content\/uploads\/2021\/08\/BZ1_reklama_1lekcija.pdf\" rel=\"noopener\" target=\"_blank\"><strong>Pokukajte v 1. lekcijo (PDF) >>><\/strong><\/a><br \/>\n<a href=\"https:\/\/www.franciskani.si\/zbf\/vzorci\/BZ1-vzorec.pdf\" target=\"_blank\" rel=\"noopener\">VZOREC &gt;&gt;&gt;<\/a><br \/>\n<a href=\"https:\/\/www.franciskani.si\/zbf\/vzorci\/Besede_zivljenja_1_pobarvanka.pdf\" target=\"_blank\" rel=\"noopener\">POBARVANKA &gt;&gt;&gt;<\/a>, iz katere si lahko sproti natisnete in kopirate posamezne liste.<\/p>\n<p>Format 21\u00d730 cm<br \/>\nISBN 981-961-6873-30-7<br \/>\nBro\u0161irano<br \/>\nObseg 120 strani<\/p>\n<p>Pri skupnih naro\u010dilih koli\u010dinski popusti.<\/p>\n","protected":false},"excerpt":{"rendered":"<p>Svetopisemski pripomo\u010dek za 1. razred verouka Lectio divina za najmlaj\u0161e P. Silvin Krajnc OFM, Jelka in \u017diva Melik so pripravili 27 svetopisemskih zgodb in jih uredili tako, da lahko slu\u017eijo za svetopisemsko katehezo za prvi razred devetletke. Ob vsaki zgodbi so napotki za razmi\u0161ljanje in rast v veri. Z ilustracijami jih je opremila Paola Bertolini [&hellip;]<\/p>\n","protected":false},"featured_media":385,"comment_status":"open","ping_status":"closed","template":"","meta":[],"product_brand":[],"product_cat":[118],"product_tag":[61],"class_list":{"0":"post-384","1":"product","2":"type-product","3":"status-publish","4":"has-post-thumbnail","6":"product_cat-besede-zivljenja","7":"product_tag-silvin-krajnc-ofm","9":"first","10":"instock","11":"taxable","12":"shipping-taxable","13":"purchasable","14":"product-type-simple"},"_links":{"self":[{"href":"https:\/\/www.franciskani.si\/zbf\/wp-json\/wp\/v2\/product\/384","targetHints":{"allow":["GET"]}}],"collection":[{"href":"https:\/\/www.franciskani.si\/zbf\/wp-json\/wp\/v2\/product"}],"about":[{"href":"https:\/\/www.franciskani.si\/zbf\/wp-json\/wp\/v2\/types\/product"}],"replies":[{"embeddable":true,"href":"https:\/\/www.franciskani.si\/zbf\/wp-json\/wp\/v2\/comments?post=384"}],"wp:featuredmedia":[{"embeddable":true,"href":"https:\/\/www.franciskani.si\/zbf\/wp-json\/wp\/v2\/media\/385"}],"wp:attachment":[{"href":"https:\/\/www.franciskani.si\/zbf\/wp-json\/wp\/v2\/media?parent=384"}],"wp:term":[{"taxonomy":"product_brand","embeddable":true,"href":"https:\/\/www.franciskani.si\/zbf\/wp-json\/wp\/v2\/product_brand?post=384"},{"taxonomy":"product_cat","embeddable":true,"href":"https:\/\/www.franciskani.si\/zbf\/wp-json\/wp\/v2\/product_cat?post=384"},{"taxonomy":"product_tag","embeddable":true,"href":"https:\/\/www.franciskani.si\/zbf\/wp-json\/wp\/v2\/product_tag?post=384"}],"curies":[{"name":"wp","href":"https:\/\/api.w.org\/{rel}","templated":true}]}}