{"id":388,"date":"2017-08-20T16:03:54","date_gmt":"2017-08-20T14:03:54","guid":{"rendered":"http:\/\/www.franciskani.si\/zbf\/?post_type=product&#038;p=388"},"modified":"2021-10-11T08:48:53","modified_gmt":"2021-10-11T06:48:53","slug":"cvetje-s-kostanjevice","status":"publish","type":"product","link":"https:\/\/www.franciskani.si\/zbf\/izdelek\/cvetje-s-kostanjevice\/","title":{"rendered":"Cvetje s Kostanjevice"},"content":{"rendered":"<p><strong>David \u0160rumpf OFM<\/strong><\/p>\n<p>Ljubljana, 2010<\/p>\n<p>Knji\u017eica o Fran\u010di\u0161kanskem samostanu Kostanjevica v Novi Gorici, ki je nastala ob 200-letnici, odkar je guverner Ilirskih provinc, general Marmont, preselil fran\u010di\u0161kane iz samostana sv. Antona v Gorici na ta milostni kraj. S predstavitvijo zgodovine in sedanjosti tega sakralnega in kulturnozgodovinskega bisera \u017eelimo sedanji varuhi Kostanjevice izkazati hvale\u017enost vsem, ki imajo zasluge za nastanek cerkve in samostana, vsem, ki so v skoraj \u0161tirih stoletjih skrbeli za Kostanjevico, in vsem, ki so jo kakor koli podpirali, duhovno ali materialno &#8211; tudi vam, dragi prijatelji kostanjevi\u0161kega samostana, ki za samostan, za \u017eupnijo in za nas, fran\u010di\u0161kane, skrbite danes.<\/p>\n<p>Format: 22 x 12,5 cm, bro\u0161irano<\/p>\n<p>Obseg: 95 str.<\/p>\n<p>ISBN 978-961-6326-92-6<\/p>\n","protected":false},"excerpt":{"rendered":"<p>David \u0160rumpf OFM Ljubljana, 2010 Knji\u017eica o Fran\u010di\u0161kanskem samostanu Kostanjevica v Novi Gorici, ki je nastala ob 200-letnici, odkar je guverner Ilirskih provinc, general Marmont, preselil fran\u010di\u0161kane iz samostana sv. Antona v Gorici na ta milostni kraj. S predstavitvijo zgodovine in sedanjosti tega sakralnega in kulturnozgodovinskega bisera \u017eelimo sedanji varuhi Kostanjevice izkazati hvale\u017enost vsem, ki [&hellip;]<\/p>\n","protected":false},"featured_media":389,"comment_status":"open","ping_status":"closed","template":"","meta":[],"product_brand":[],"product_cat":[36],"product_tag":[110],"class_list":{"0":"post-388","1":"product","2":"type-product","3":"status-publish","4":"has-post-thumbnail","6":"product_cat-zunaj-zbirk","7":"product_tag-david-srumpf-ofm","9":"first","10":"outofstock","11":"taxable","12":"shipping-taxable","13":"purchasable","14":"product-type-simple"},"_links":{"self":[{"href":"https:\/\/www.franciskani.si\/zbf\/wp-json\/wp\/v2\/product\/388","targetHints":{"allow":["GET"]}}],"collection":[{"href":"https:\/\/www.franciskani.si\/zbf\/wp-json\/wp\/v2\/product"}],"about":[{"href":"https:\/\/www.franciskani.si\/zbf\/wp-json\/wp\/v2\/types\/product"}],"replies":[{"embeddable":true,"href":"https:\/\/www.franciskani.si\/zbf\/wp-json\/wp\/v2\/comments?post=388"}],"wp:featuredmedia":[{"embeddable":true,"href":"https:\/\/www.franciskani.si\/zbf\/wp-json\/wp\/v2\/media\/389"}],"wp:attachment":[{"href":"https:\/\/www.franciskani.si\/zbf\/wp-json\/wp\/v2\/media?parent=388"}],"wp:term":[{"taxonomy":"product_brand","embeddable":true,"href":"https:\/\/www.franciskani.si\/zbf\/wp-json\/wp\/v2\/product_brand?post=388"},{"taxonomy":"product_cat","embeddable":true,"href":"https:\/\/www.franciskani.si\/zbf\/wp-json\/wp\/v2\/product_cat?post=388"},{"taxonomy":"product_tag","embeddable":true,"href":"https:\/\/www.franciskani.si\/zbf\/wp-json\/wp\/v2\/product_tag?post=388"}],"curies":[{"name":"wp","href":"https:\/\/api.w.org\/{rel}","templated":true}]}}

<p><strong>David Šrumpf OFM</strong></p>
<p>Ljubljana, 2010</p>
<p>Knjižica o Frančiškanskem samostanu Kostanjevica v Novi Gorici, ki je nastala ob 200-letnici, odkar je guverner Ilirskih provinc, general Marmont, preselil frančiškane iz samostana sv. Antona v Gorici na ta milostni kraj. S predstavitvijo zgodovine in sedanjosti tega sakralnega in kulturnozgodovinskega bisera želimo sedanji varuhi Kostanjevice izkazati hvaležnost vsem, ki imajo zasluge za nastanek cerkve in samostana, vsem, ki so v skoraj štirih stoletjih skrbeli za Kostanjevico, in vsem, ki so jo kakor koli podpirali, duhovno ali materialno &#8211; tudi vam, dragi prijatelji kostanjeviškega samostana, ki za samostan, za župnijo in za nas, frančiškane, skrbite danes.</p>
<p>Format: 22 x 12,5 cm, broširano</p>
<p>Obseg: 95 str.</p>
<p>ISBN 978-961-6326-92-6</p>

<p>David Šrumpf OFM Ljubljana, 2010 Knjižica o Frančiškanskem samostanu Kostanjevica v Novi Gorici, ki je nastala ob 200-letnici, odkar je guverner Ilirskih provinc, general Marmont, preselil frančiškane iz samostana sv. Antona v Gorici na ta milostni kraj. S predstavitvijo zgodovine in sedanjosti tega sakralnega in kulturnozgodovinskega bisera želimo sedanji varuhi Kostanjevice izkazati hvaležnost vsem, ki [&hellip;]</p>
