{"id":406,"date":"2017-08-20T16:30:45","date_gmt":"2017-08-20T14:30:45","guid":{"rendered":"http:\/\/www.franciskani.si\/zbf\/?post_type=product&#038;p=406"},"modified":"2017-08-20T16:30:45","modified_gmt":"2017-08-20T14:30:45","slug":"pojem-odresenja-in-nauki-o-odresenju-v-svetovnih-religijah","status":"publish","type":"product","link":"https:\/\/www.franciskani.si\/zbf\/izdelek\/pojem-odresenja-in-nauki-o-odresenju-v-svetovnih-religijah\/","title":{"rendered":"Pojem odre\u0161enja in nauki o odre\u0161enju v svetovnih religijah"},"content":{"rendered":"<p><strong>Mari Jo\u017ee Osredkar OFM<\/strong> in <strong>Marjana Harcet<\/strong><\/p>\n<p>Knjiga obravnava religiolo\u0161ki pojem odre\u0161enja in predstavlja nauk o odre\u0161enju v najpomembnej\u0161ih verstvih: v judovstvu, kr\u0161\u010danstvu, islamu, hinduizmu in budizmu. Delo najprej predstavlja pojem odre\u0161enja, nato je obdelan nauk o odre\u0161enju v judovsko-kr\u0161\u010danski tradiciji, v tretjem poglavju spoznamo nauk o odre\u0161enju v islamu in v zadnjem poglavju knjiga primerja pojmovanje odre\u0161enja v religijah indijske podceline. Delo predstavlja prvo tovrstno predstavitev v slovenskem jeziku. Posebna pomembnost za slovenski prostor je v tem, da predstavi odre\u0161enje kot eno najpomembnej\u0161ih poglavij pri obravnavi sleherne religije. Avtorja Mari Jo\u017ee Osredkar in Marjana Harcet v monografiji obravnavata uporabnost religije v tuzemskem \u017eivljenju in eshatologijo omenjenih verstev.<\/p>\n<p>Knjiga je iz\u0161la v sozalo\u017eni\u0161tvu s Teolo\u0161ko fakulteto v zbirki Znanstvena knji\u017enica.<\/p>\n<p>Format: 16 x 23 cm<\/p>\n<p>Obseg: 96 strani; mehka vezava<\/p>\n","protected":false},"excerpt":{"rendered":"<p>Mari Jo\u017ee Osredkar OFM in Marjana Harcet Knjiga obravnava religiolo\u0161ki pojem odre\u0161enja in predstavlja nauk o odre\u0161enju v najpomembnej\u0161ih verstvih: v judovstvu, kr\u0161\u010danstvu, islamu, hinduizmu in budizmu. Delo najprej predstavlja pojem odre\u0161enja, nato je obdelan nauk o odre\u0161enju v judovsko-kr\u0161\u010danski tradiciji, v tretjem poglavju spoznamo nauk o odre\u0161enju v islamu in v zadnjem poglavju knjiga [&hellip;]<\/p>\n","protected":false},"featured_media":407,"comment_status":"open","ping_status":"closed","template":"","meta":[],"product_brand":[],"product_cat":[36],"product_tag":[101],"class_list":{"0":"post-406","1":"product","2":"type-product","3":"status-publish","4":"has-post-thumbnail","6":"product_cat-zunaj-zbirk","7":"product_tag-mari-osredkar-ofm","9":"first","10":"instock","11":"taxable","12":"shipping-taxable","13":"purchasable","14":"product-type-simple"},"_links":{"self":[{"href":"https:\/\/www.franciskani.si\/zbf\/wp-json\/wp\/v2\/product\/406","targetHints":{"allow":["GET"]}}],"collection":[{"href":"https:\/\/www.franciskani.si\/zbf\/wp-json\/wp\/v2\/product"}],"about":[{"href":"https:\/\/www.franciskani.si\/zbf\/wp-json\/wp\/v2\/types\/product"}],"replies":[{"embeddable":true,"href":"https:\/\/www.franciskani.si\/zbf\/wp-json\/wp\/v2\/comments?post=406"}],"wp:featuredmedia":[{"embeddable":true,"href":"https:\/\/www.franciskani.si\/zbf\/wp-json\/wp\/v2\/media\/407"}],"wp:attachment":[{"href":"https:\/\/www.franciskani.si\/zbf\/wp-json\/wp\/v2\/media?parent=406"}],"wp:term":[{"taxonomy":"product_brand","embeddable":true,"href":"https:\/\/www.franciskani.si\/zbf\/wp-json\/wp\/v2\/product_brand?post=406"},{"taxonomy":"product_cat","embeddable":true,"href":"https:\/\/www.franciskani.si\/zbf\/wp-json\/wp\/v2\/product_cat?post=406"},{"taxonomy":"product_tag","embeddable":true,"href":"https:\/\/www.franciskani.si\/zbf\/wp-json\/wp\/v2\/product_tag?post=406"}],"curies":[{"name":"wp","href":"https:\/\/api.w.org\/{rel}","templated":true}]}}