{"id":410,"date":"2017-08-20T16:33:27","date_gmt":"2017-08-20T14:33:27","guid":{"rendered":"http:\/\/www.franciskani.si\/zbf\/?post_type=product&#038;p=410"},"modified":"2021-10-11T08:52:39","modified_gmt":"2021-10-11T06:52:39","slug":"sebi-in-tebi","status":"publish","type":"product","link":"https:\/\/www.franciskani.si\/zbf\/izdelek\/sebi-in-tebi\/","title":{"rendered":"Sebi in tebi"},"content":{"rendered":"<p><strong>Zdravko Jakop OFM<\/strong><\/p>\n<p>Upam, da se bo vsak bralec, ki bo vzel v roko misli p. Zdravka, navzel njegove dr\u017ee. Po svetu hodi z odprtimi o\u010dmi. Dogodke in ljudi sre\u010duje skozi zgodovinski spomin, pa tudi skozi Sveto pismo in nauk Cerkve. Naj nam branje njegovih pogledov pomaga, da bomo tudi mi skozi svet hodili odprtih o\u010di in z ljubeznijo v srcu.<\/p>\n<p>msgr. Stanislav Zore OFM, ljubljanski nad\u0161kof<\/p>\n<p>format 16,5 x 21 cm<\/p>\n<p>obseg 112 strani<\/p>\n","protected":false},"excerpt":{"rendered":"<p>Zdravko Jakop OFM Upam, da se bo vsak bralec, ki bo vzel v roko misli p. Zdravka, navzel njegove dr\u017ee. Po svetu hodi z odprtimi o\u010dmi. Dogodke in ljudi sre\u010duje skozi zgodovinski spomin, pa tudi skozi Sveto pismo in nauk Cerkve. Naj nam branje njegovih pogledov pomaga, da bomo tudi mi skozi svet hodili odprtih [&hellip;]<\/p>\n","protected":false},"featured_media":411,"comment_status":"open","ping_status":"closed","template":"","meta":[],"product_brand":[],"product_cat":[36],"product_tag":[53],"class_list":{"0":"post-410","1":"product","2":"type-product","3":"status-publish","4":"has-post-thumbnail","6":"product_cat-zunaj-zbirk","7":"product_tag-zdravko-jakop-ofm","9":"first","10":"outofstock","11":"taxable","12":"shipping-taxable","13":"purchasable","14":"product-type-simple"},"_links":{"self":[{"href":"https:\/\/www.franciskani.si\/zbf\/wp-json\/wp\/v2\/product\/410","targetHints":{"allow":["GET"]}}],"collection":[{"href":"https:\/\/www.franciskani.si\/zbf\/wp-json\/wp\/v2\/product"}],"about":[{"href":"https:\/\/www.franciskani.si\/zbf\/wp-json\/wp\/v2\/types\/product"}],"replies":[{"embeddable":true,"href":"https:\/\/www.franciskani.si\/zbf\/wp-json\/wp\/v2\/comments?post=410"}],"wp:featuredmedia":[{"embeddable":true,"href":"https:\/\/www.franciskani.si\/zbf\/wp-json\/wp\/v2\/media\/411"}],"wp:attachment":[{"href":"https:\/\/www.franciskani.si\/zbf\/wp-json\/wp\/v2\/media?parent=410"}],"wp:term":[{"taxonomy":"product_brand","embeddable":true,"href":"https:\/\/www.franciskani.si\/zbf\/wp-json\/wp\/v2\/product_brand?post=410"},{"taxonomy":"product_cat","embeddable":true,"href":"https:\/\/www.franciskani.si\/zbf\/wp-json\/wp\/v2\/product_cat?post=410"},{"taxonomy":"product_tag","embeddable":true,"href":"https:\/\/www.franciskani.si\/zbf\/wp-json\/wp\/v2\/product_tag?post=410"}],"curies":[{"name":"wp","href":"https:\/\/api.w.org\/{rel}","templated":true}]}}