{"id":412,"date":"2017-08-20T16:35:30","date_gmt":"2017-08-20T14:35:30","guid":{"rendered":"http:\/\/www.franciskani.si\/zbf\/?post_type=product&#038;p=412"},"modified":"2021-10-11T08:34:29","modified_gmt":"2021-10-11T06:34:29","slug":"stane-zore-ofm-nadskof-metropolit","status":"publish","type":"product","link":"https:\/\/www.franciskani.si\/zbf\/izdelek\/stane-zore-ofm-nadskof-metropolit\/","title":{"rendered":"Stane Zore OFM, nad\u0161kof metropolit"},"content":{"rendered":"<p><em>uredil Janez Papa OFM<\/em><\/p>\n<p>Na praznik sv. Fran\u010di\u0161ka v letu 2014, je na plano pri\u0161la odlo\u010ditev pape\u017ea Fran\u010di\u0161ka, da za novega ljubljanskega nad\u0161kofa metropolita imenuje na\u0161ega dotakratnega provincialnega ministra p. Staneta Zoreta. Novica je mo\u010dno odmevala po vseh slovenskih medijih, \u010dasopisnih, radijskih, televizijskih in internetnih.<br \/>\nV pri\u010dujo\u010dem zborniku vam \u017eelimo predstaviti nekaj tega dogajanja.<\/p>\n<p>format 21 x 30 cm<\/p>\n<p>obseg 264 strani<\/p>\n","protected":false},"excerpt":{"rendered":"<p>uredil Janez Papa OFM Na praznik sv. Fran\u010di\u0161ka v letu 2014, je na plano pri\u0161la odlo\u010ditev pape\u017ea Fran\u010di\u0161ka, da za novega ljubljanskega nad\u0161kofa metropolita imenuje na\u0161ega dotakratnega provincialnega ministra p. Staneta Zoreta. Novica je mo\u010dno odmevala po vseh slovenskih medijih, \u010dasopisnih, radijskih, televizijskih in internetnih. V pri\u010dujo\u010dem zborniku vam \u017eelimo predstaviti nekaj tega dogajanja. format [&hellip;]<\/p>\n","protected":false},"featured_media":413,"comment_status":"open","ping_status":"closed","template":"","meta":[],"product_brand":[],"product_cat":[36],"product_tag":[103,106],"class_list":{"0":"post-412","1":"product","2":"type-product","3":"status-publish","4":"has-post-thumbnail","6":"product_cat-zunaj-zbirk","7":"product_tag-janez-papa-ofm","8":"product_tag-stane-zore-ofm","10":"first","11":"outofstock","12":"taxable","13":"shipping-taxable","14":"purchasable","15":"product-type-simple"},"_links":{"self":[{"href":"https:\/\/www.franciskani.si\/zbf\/wp-json\/wp\/v2\/product\/412","targetHints":{"allow":["GET"]}}],"collection":[{"href":"https:\/\/www.franciskani.si\/zbf\/wp-json\/wp\/v2\/product"}],"about":[{"href":"https:\/\/www.franciskani.si\/zbf\/wp-json\/wp\/v2\/types\/product"}],"replies":[{"embeddable":true,"href":"https:\/\/www.franciskani.si\/zbf\/wp-json\/wp\/v2\/comments?post=412"}],"wp:featuredmedia":[{"embeddable":true,"href":"https:\/\/www.franciskani.si\/zbf\/wp-json\/wp\/v2\/media\/413"}],"wp:attachment":[{"href":"https:\/\/www.franciskani.si\/zbf\/wp-json\/wp\/v2\/media?parent=412"}],"wp:term":[{"taxonomy":"product_brand","embeddable":true,"href":"https:\/\/www.franciskani.si\/zbf\/wp-json\/wp\/v2\/product_brand?post=412"},{"taxonomy":"product_cat","embeddable":true,"href":"https:\/\/www.franciskani.si\/zbf\/wp-json\/wp\/v2\/product_cat?post=412"},{"taxonomy":"product_tag","embeddable":true,"href":"https:\/\/www.franciskani.si\/zbf\/wp-json\/wp\/v2\/product_tag?post=412"}],"curies":[{"name":"wp","href":"https:\/\/api.w.org\/{rel}","templated":true}]}}