{"id":507,"date":"2018-03-01T19:45:37","date_gmt":"2018-03-01T18:45:37","guid":{"rendered":"https:\/\/www.franciskani.si\/zbf\/?post_type=product&#038;p=507"},"modified":"2022-11-01T17:05:57","modified_gmt":"2022-11-01T16:05:57","slug":"507","status":"publish","type":"product","link":"https:\/\/www.franciskani.si\/zbf\/izdelek\/507\/","title":{"rendered":"Christian Goste\u010dnik: Bole\u010dina lo\u010denosti"},"content":{"rendered":"","protected":false},"excerpt":{"rendered":"<h2><\/h2>\n<p>Ko razpade odnos, ko odide dekle, ko se fant ne javi ve\u010d, lahko vse to grozovito boli. \u0160e bolj pa boli izdajstvo, prevara, ko partner odide drugam. Ni ga huj\u0161ega \u010dustvenega razcepa in \u017erela, ki srka nedol\u017ene \u017ertve, otro\u0161ka srca, kakor je razpad dru\u017eine. Tedaj ni ve\u010d varnosti, je samo \u0161e krik bole\u010dine, ki se razlega po opusto\u0161enih poljanah dru\u017einskih sag. Otrok \u017ee po naravi hrepeni po pripadnosti in sprejetosti, zdaj pa se mu to hrepenenje izjalovi. A tudi tu je in mora biti pot naprej, pot, ki jo omogo\u010da milostni poseg od Zgoraj.<\/p>\n","protected":false},"featured_media":511,"comment_status":"open","ping_status":"closed","template":"","meta":[],"product_brand":[],"product_cat":[35],"product_tag":[72],"class_list":{"0":"post-507","1":"product","2":"type-product","3":"status-publish","4":"has-post-thumbnail","6":"product_cat-monografije-fdi","7":"product_tag-christian-gostecnik-ofm","9":"first","10":"instock","11":"sale","12":"taxable","13":"shipping-taxable","14":"purchasable","15":"product-type-simple"},"_links":{"self":[{"href":"https:\/\/www.franciskani.si\/zbf\/wp-json\/wp\/v2\/product\/507","targetHints":{"allow":["GET"]}}],"collection":[{"href":"https:\/\/www.franciskani.si\/zbf\/wp-json\/wp\/v2\/product"}],"about":[{"href":"https:\/\/www.franciskani.si\/zbf\/wp-json\/wp\/v2\/types\/product"}],"replies":[{"embeddable":true,"href":"https:\/\/www.franciskani.si\/zbf\/wp-json\/wp\/v2\/comments?post=507"}],"wp:featuredmedia":[{"embeddable":true,"href":"https:\/\/www.franciskani.si\/zbf\/wp-json\/wp\/v2\/media\/511"}],"wp:attachment":[{"href":"https:\/\/www.franciskani.si\/zbf\/wp-json\/wp\/v2\/media?parent=507"}],"wp:term":[{"taxonomy":"product_brand","embeddable":true,"href":"https:\/\/www.franciskani.si\/zbf\/wp-json\/wp\/v2\/product_brand?post=507"},{"taxonomy":"product_cat","embeddable":true,"href":"https:\/\/www.franciskani.si\/zbf\/wp-json\/wp\/v2\/product_cat?post=507"},{"taxonomy":"product_tag","embeddable":true,"href":"https:\/\/www.franciskani.si\/zbf\/wp-json\/wp\/v2\/product_tag?post=507"}],"curies":[{"name":"wp","href":"https:\/\/api.w.org\/{rel}","templated":true}]}}